{"id":9301,"date":"2025-06-23T18:28:02","date_gmt":"2025-06-23T16:28:02","guid":{"rendered":"https:\/\/www.alpha-gefahrgut-consulting.de\/?page_id=9301"},"modified":"2025-07-09T12:41:14","modified_gmt":"2025-07-09T10:41:14","slug":"iata-ausbilder","status":"publish","type":"page","link":"https:\/\/www.alpha-gefahrgut-consulting.de\/index.php\/iata-ausbilder\/","title":{"rendered":"IATA Ausbilder Gefahrgut"},"content":{"rendered":"\n<h1 class=\"wp-block-heading\"><strong>Ihr &#8222;IATA Ausbilder&#8220;<\/strong><\/h1>\n\n\n\n<p>Die &#8222;IATA&#8220; Gefahrgut Schulungen nach den obligatorischen Regeln von CBTA, ICAO-TI, <a href=\"https:\/\/www.alpha-gefahrgut-consulting.de\/index.php\/iata-dgr\/\">IATA-DGR<\/a> bzw. LBA-NfL werden von sogenannten &#8222;IATA&#8220; Ausbildern durchgef\u00fchrt.<br><br>Dabei ist zu ber\u00fccksichtigen, dass die Gefahrgut-Schulungen ggf. der Anerkennung der zust\u00e4ndigen nationalen Beh\u00f6rde bed\u00fcrfen. In Deutschland ist das Luftfahrt-Bundesamt (<a href=\"https:\/\/www.lba.de\/DE\/Home\/home_node.html\">LBA<\/a>) die zust\u00e4ndige nationale Beh\u00f6rde f\u00fcr die Anerkennung. Das LBA l\u00e4sst die Schulungsprogramme und die Ausbilder zu.<\/p>\n\n\n\n<hr class=\"wp-block-separator has-alpha-channel-opacity is-style-wide\"\/>\n\n\n\n<h2 class=\"wp-block-heading\"><span style=\"color: #000000;\"><strong><span style=\"color: #000000;\">Was ist ein IATA Ausbilder Gefahrgut?<\/span><\/strong><\/span><\/h2>\n\n\n\n<p><br>Ein IATA-Ausbilder <a href=\"https:\/\/www.alpha-gefahrgut-consulting.de\/index.php\/tag\/gefahrgut\/\">Gefahrgut<\/a> ist eine&nbsp;Person, die Gefahrgut-Schulungen f\u00fcr die Bef\u00f6rderung von Luftfracht, Expressfracht etc. durchf\u00fchrt. Diese Regeln sind in privatwirtschaftlicher Hinsicht die &#8222;IATA&#8220; Dangerous Goods Regulations (DGR). <br>Beh\u00f6rdlich vorgeschrieben sind jedoch nicht diese Privatvorschriften, sondern die von den Luftfahrtbeh\u00f6rden dieser Welt erlassenen Technical Instructions (TI) (ICAO-TI).<br>Das deutsche Luftfahrt-Bundesamt hat in den nationalen deutschen Nachrichten f\u00fcr Luftfahrer (NfL) weitere obligatorische Regelungen erlassen, insbesondere f\u00fcr die Qualifikation, Pr\u00fcfung und Zulassung von Ausbildern f\u00fcr o.g. &#8222;IATA&#8220; Schulungen. <br>Details dazu lassen sich auf der Webseite des LBA einsehen. Die Pr\u00fcfung und Zulassung von Ausbildern nimmt das LBA dabei selbst vor. Ein in Deutschland t\u00e4tiger &#8222;IATA&#8220; Ausbilder wie Michael Miska ben\u00f6tigt also f\u00fcr die Durchf\u00fchrung von &#8222;IATA&#8220; Gefahrgut-Schulungen eine in Deutschland g\u00fcltige, beh\u00f6rdliche Anerkennung, ein Zertifikat des LBA. Das LBA stellt solche Zertifikate erst nach erfolgreicher Absolvierung einer LBA-Ausbilderpr\u00fcfung aus.<\/p>\n\n\n\n<p>Hier geht es zu solchen &#8222;<a href=\"https:\/\/www.alpha-gefahrgut-consulting.de\/index.php\/iata-schulung-gefahrgut\/\"><mark style=\"background-color:rgba(0, 0, 0, 0);color:#115a85\" class=\"has-inline-color\"><strong>IATA Gefahrgut Schulungen<\/strong><\/mark><\/a>&#8220; der Alpha Gefahrgut Consulting.<\/p>\n\n\n\n<hr class=\"wp-block-separator has-alpha-channel-opacity is-style-wide\"\/>\n\n\n\n<h2 class=\"wp-block-heading\"><span style=\"color: #000000;\"><strong><span style=\"color: #000000;\">Ihr IATA Ausbilder Gefahrgut<\/span><\/strong><\/span><\/h2>\n\n\n\n<p><br>Ihr &#8222;IATA&#8220; Ausbilder bei allen unseren Gefahrgut-Schulungen ist Michael Miska.<br>Michael Miska ist als Entrepreneur seit dem Jahre 2000 Inhaber und Betreiber von Alpha Gefahrgut Consulting. Seine Berufserfahrung sammelte er dabei nicht nur im eigenen Consulting-Unternehmen, sondern auch \u00fcber 30 Jahre lang in verschiedenen Anstellungen in Unternehmen der freien Wirtschaft, insbesondere in Spedition\/Logistik und als Shipping Manager \/ Versandleiter \/ Logistikleiter in Verkehrs- und Versandabteilungen diverser Branchen. Bestimmte Beauftragten-Positionen wie Gefahrgutbeauftagter, Luftsicherheitsbeauftragter, Zollbeauftragter, Steuerlicher Beauftragter etc. erf\u00fcllte er dabei in Personalunion. Und gerade das ist es, was es ihm als Ausbilder erm\u00f6glicht, die Bef\u00f6rderungsvorschriften f\u00fcr gef\u00e4hrliche G\u00fcter in den Kontext der anderen, nicht minder wichtigen betrieblichen Leistungsprozesse zu stellen. Bereits seit dem Jahre 2005 ist Michael Miska unterbrechungsfrei vom deutschen Luftfahrt-Bundesamt als Gefahrgut-Ausbilder f\u00fcr alle T\u00e4tigkeiten im Luftverkehr anerkannt.<\/p>\n\n\n\n<figure class=\"wp-block-image size-full\"><img loading=\"lazy\" decoding=\"async\" width=\"839\" height=\"390\" src=\"https:\/\/www.alpha-gefahrgut-consulting.de\/wp-content\/uploads\/2025\/06\/IATA-Ausbilder-Alpha-Gefahrgut-Consulting.jpg\" alt=\"\" class=\"wp-image-9331\" srcset=\"https:\/\/www.alpha-gefahrgut-consulting.de\/wp-content\/uploads\/2025\/06\/IATA-Ausbilder-Alpha-Gefahrgut-Consulting.jpg 839w, https:\/\/www.alpha-gefahrgut-consulting.de\/wp-content\/uploads\/2025\/06\/IATA-Ausbilder-Alpha-Gefahrgut-Consulting-300x139.jpg 300w, https:\/\/www.alpha-gefahrgut-consulting.de\/wp-content\/uploads\/2025\/06\/IATA-Ausbilder-Alpha-Gefahrgut-Consulting-768x357.jpg 768w\" sizes=\"auto, (max-width: 767px) 89vw, (max-width: 1000px) 54vw, (max-width: 1071px) 543px, 580px\" \/><figcaption class=\"wp-element-caption\">Bild zeigt den vom Luftfahrt-Bundesamt anerkannten &#8222;IATA-Ausbilder&#8220; f\u00fcr die Gefahrgutbef\u00f6rderung nach den technischen Regeln der ICAO-TI\/IATA-DGR bei Alpha Gefahrgut Consulting in einem Flughafengeb\u00e4ude<\/figcaption><\/figure>\n\n\n\n<p><br>Kein Bild aus Jung-Manager oder Consultant Jahren, sondern ein teilweise mit KI generiertes Bild. Wenn Michael Miska auch mit langj\u00e4hrigen Erfahrungen in allen gefahrgutrelevanten Belangen aufwarten kann &#8211; ohne &#8218;Schn\u00e4uzer&#8216; kam er fast nie daher.<br>Wie er heute aussieht, auch das sehen Sie auf dieser Webseite.<\/p>\n\n\n\n<hr class=\"wp-block-separator has-alpha-channel-opacity is-style-wide\"\/>\n\n\n\n<h2 class=\"wp-block-heading\"><strong><mark style=\"background-color:rgba(0, 0, 0, 0)\" class=\"has-inline-color has-black-color\">Alle T\u00e4tigkeiten, alle Klassen, alle Branchen<\/mark><\/strong><\/h2>\n\n\n\n<p><br>Ihr &#8222;IATA&#8220; Ausbilder bei allen unseren Gefahrgut-Schulungen ist Michael Miska. Michael Miska ist befugt, als LBA-anerkannter Gefahrgut-Ausbilder die Schulungen nach den Regeln der IATA-DGR f\u00fcr alle T\u00e4tigkeiten und f\u00fcr alle Gefahrenklassen zu erteilen.<br>Darum kann Alpha Gefahrgut Consulting mit einem Ausbilder alle Branchen der Logistikkette bedienen, angefangen bei Verpackern und Versendern, \u00fcber die Luftfrachtspeditionen, die Airlines, bis hin zu Ground Service, Security und mehr&#8230; <\/p>\n\n\n\n<h2 class=\"wp-block-heading\"><strong><mark style=\"background-color:rgba(0, 0, 0, 0)\" class=\"has-inline-color has-black-color\">Ohne Sub-Unternehmer<\/mark><\/strong><\/h2>\n\n\n\n<p>Alpha Gefahrgut Consulting arbeitet nicht mit Subunternehmern oder externen Leih-Trainern zusammen, sondern erbringt alle Schulungsleistungen ausschlie\u00dflich mit dem oben genannten, eigenen LBA-anerkannten Ausbilder. Das b\u00fcrgt f\u00fcr einen durchgehend hohen Qualit\u00e4tsstandard und gew\u00e4hrleistet, dass das unternehmenseigene LBA-anerkannte Schulungsprogramm der Alpha Gefahrgut Consulting stets optimal ausgerollt wird.<br><br>Mehr \u00fcber das von Michael Miska betriebene Unternehmen erfahren Sie<a href=\"https:\/\/www.alpha-gefahrgut-consulting.de\/index.php\/ueber-uns\/\"> hier<\/a>.<br><\/p>\n\n\n\n<hr class=\"wp-block-separator has-alpha-channel-opacity is-style-wide\"\/>\n\n\n\n<p><em>Hinweis:<\/em><br><em>Nicht alle erh\u00e4ltlichen Schulungen und Unterweisungen sind auf dieser Webseite \u00f6ffentlich buchbar gelistet. bestimmte Schulungen und Unterweisungen werden derzeit nur &#8222;Inhouse&#8220; angeboten. Fragen Sie uns einfach danach!<br><\/em><\/p>\n\n\n\n<hr class=\"wp-block-separator has-alpha-channel-opacity is-style-wide\"\/>\n\n\n\n<p><\/p>\n\n\n\n<p><\/p>\n","protected":false},"excerpt":{"rendered":"<p>Ihr &#8222;IATA Ausbilder&#8220; Die &#8222;IATA&#8220; Gefahrgut Schulungen nach den obligatorischen Regeln von CBTA, ICAO-TI, IATA-DGR bzw. LBA-NfL werden von sogenannten &#8222;IATA&#8220; Ausbildern durchgef\u00fchrt. Dabei ist zu ber\u00fccksichtigen, dass die Gefahrgut-Schulungen ggf. der Anerkennung der zust\u00e4ndigen nationalen Beh\u00f6rde bed\u00fcrfen. In Deutschland ist das Luftfahrt-Bundesamt (LBA) die zust\u00e4ndige nationale Beh\u00f6rde f\u00fcr die Anerkennung. Das LBA l\u00e4sst die &hellip; <\/p>\n<p class=\"link-more\"><a href=\"https:\/\/www.alpha-gefahrgut-consulting.de\/index.php\/iata-ausbilder\/\" class=\"more-link\"><span class=\"screen-reader-text\">\u201eIATA Ausbilder Gefahrgut\u201c<\/span> weiterlesen<\/a><\/p>\n","protected":false},"author":1,"featured_media":0,"parent":0,"menu_order":0,"comment_status":"closed","ping_status":"closed","template":"","meta":{"episode_type":"","audio_file":"","podmotor_file_id":"","podmotor_episode_id":"","cover_image":"","cover_image_id":"","duration":"","filesize":"","filesize_raw":"","date_recorded":"","explicit":"","block":"","footnotes":""},"class_list":["post-9301","page","type-page","status-publish","hentry"],"yoast_head":"<!-- This site is optimized with the Yoast SEO plugin v27.4 - https:\/\/yoast.com\/product\/yoast-seo-wordpress\/ -->\n<title>IATA Gefahrgut Schulungen, \u00f6ffentlich buchbar, ab 1 Teilnehmer<\/title>\n<meta name=\"description\" content=\"IATA Gefahrgut Schulungen und Unterweisungen. Alle \u00f6ffentlich buchbaren Kurse der Alpha Gefahrgut Consulting. Eine Schnell\u00fcbersicht.\" \/>\n<meta name=\"robots\" content=\"index, follow, max-snippet:-1, max-image-preview:large, max-video-preview:-1\" \/>\n<link rel=\"canonical\" href=\"https:\/\/www.alpha-gefahrgut-consulting.de\/index.php\/iata-ausbilder\/\" \/>\n<meta property=\"og:locale\" content=\"de_DE\" \/>\n<meta property=\"og:type\" content=\"article\" \/>\n<meta property=\"og:title\" content=\"IATA Gefahrgut Schulungen, \u00f6ffentlich buchbar, ab 1 Teilnehmer\" \/>\n<meta property=\"og:description\" content=\"IATA Gefahrgut Schulungen und Unterweisungen. Alle \u00f6ffentlich buchbaren Kurse der Alpha Gefahrgut Consulting. Eine Schnell\u00fcbersicht.\" \/>\n<meta property=\"og:url\" content=\"https:\/\/www.alpha-gefahrgut-consulting.de\/index.php\/iata-ausbilder\/\" \/>\n<meta property=\"og:site_name\" content=\"ALPHA GEFAHRGUT CONSULTING\" \/>\n<meta property=\"article:modified_time\" content=\"2025-07-09T10:41:14+00:00\" \/>\n<meta property=\"og:image\" content=\"https:\/\/www.alpha-gefahrgut-consulting.de\/wp-content\/uploads\/2025\/06\/IATA-Ausbilder-Alpha-Gefahrgut-Consulting.jpg\" \/>\n\t<meta property=\"og:image:width\" content=\"839\" \/>\n\t<meta property=\"og:image:height\" content=\"390\" \/>\n\t<meta property=\"og:image:type\" content=\"image\/jpeg\" \/>\n<meta name=\"twitter:card\" content=\"summary_large_image\" \/>\n<meta name=\"twitter:site\" content=\"@Alpha_Gefahrgut\" \/>\n<meta name=\"twitter:label1\" content=\"Gesch\u00e4tzte Lesezeit\" \/>\n\t<meta name=\"twitter:data1\" content=\"4\u00a0Minuten\" \/>\n<script type=\"application\/ld+json\" class=\"yoast-schema-graph\">{\"@context\":\"https:\\\/\\\/schema.org\",\"@graph\":[{\"@type\":\"WebPage\",\"@id\":\"https:\\\/\\\/www.alpha-gefahrgut-consulting.de\\\/index.php\\\/iata-ausbilder\\\/\",\"url\":\"https:\\\/\\\/www.alpha-gefahrgut-consulting.de\\\/index.php\\\/iata-ausbilder\\\/\",\"name\":\"IATA Gefahrgut Schulungen, \u00f6ffentlich buchbar, ab 1 Teilnehmer\",\"isPartOf\":{\"@id\":\"https:\\\/\\\/www.alpha-gefahrgut-consulting.de\\\/#website\"},\"primaryImageOfPage\":{\"@id\":\"https:\\\/\\\/www.alpha-gefahrgut-consulting.de\\\/index.php\\\/iata-ausbilder\\\/#primaryimage\"},\"image\":{\"@id\":\"https:\\\/\\\/www.alpha-gefahrgut-consulting.de\\\/index.php\\\/iata-ausbilder\\\/#primaryimage\"},\"thumbnailUrl\":\"https:\\\/\\\/www.alpha-gefahrgut-consulting.de\\\/wp-content\\\/uploads\\\/2025\\\/06\\\/IATA-Ausbilder-Alpha-Gefahrgut-Consulting.jpg\",\"datePublished\":\"2025-06-23T16:28:02+00:00\",\"dateModified\":\"2025-07-09T10:41:14+00:00\",\"description\":\"IATA Gefahrgut Schulungen und Unterweisungen. Alle \u00f6ffentlich buchbaren Kurse der Alpha Gefahrgut Consulting. Eine Schnell\u00fcbersicht.\",\"breadcrumb\":{\"@id\":\"https:\\\/\\\/www.alpha-gefahrgut-consulting.de\\\/index.php\\\/iata-ausbilder\\\/#breadcrumb\"},\"inLanguage\":\"de\",\"potentialAction\":[{\"@type\":\"ReadAction\",\"target\":[\"https:\\\/\\\/www.alpha-gefahrgut-consulting.de\\\/index.php\\\/iata-ausbilder\\\/\"]}]},{\"@type\":\"ImageObject\",\"inLanguage\":\"de\",\"@id\":\"https:\\\/\\\/www.alpha-gefahrgut-consulting.de\\\/index.php\\\/iata-ausbilder\\\/#primaryimage\",\"url\":\"https:\\\/\\\/www.alpha-gefahrgut-consulting.de\\\/wp-content\\\/uploads\\\/2025\\\/06\\\/IATA-Ausbilder-Alpha-Gefahrgut-Consulting.jpg\",\"contentUrl\":\"https:\\\/\\\/www.alpha-gefahrgut-consulting.de\\\/wp-content\\\/uploads\\\/2025\\\/06\\\/IATA-Ausbilder-Alpha-Gefahrgut-Consulting.jpg\",\"width\":839,\"height\":390,\"caption\":\"Bild zeigt den vom Luftfahrt-Bundesamt anerkannten \\\"IATA-Ausbilder\\\" f\u00fcr die Gefahrgut-Bef\u00f6rderung nach den technischen Regeln der ICAO-TI\\\/IATA-DGR bei Alpha Gefahrgut Consulting in einem Flughafengeb\u00e4ude\"},{\"@type\":\"BreadcrumbList\",\"@id\":\"https:\\\/\\\/www.alpha-gefahrgut-consulting.de\\\/index.php\\\/iata-ausbilder\\\/#breadcrumb\",\"itemListElement\":[{\"@type\":\"ListItem\",\"position\":1,\"name\":\"Startseite\",\"item\":\"https:\\\/\\\/www.alpha-gefahrgut-consulting.de\\\/\"},{\"@type\":\"ListItem\",\"position\":2,\"name\":\"IATA Ausbilder Gefahrgut\"}]},{\"@type\":\"WebSite\",\"@id\":\"https:\\\/\\\/www.alpha-gefahrgut-consulting.de\\\/#website\",\"url\":\"https:\\\/\\\/www.alpha-gefahrgut-consulting.de\\\/\",\"name\":\"ALPHA GEFAHRGUT CONSULTING\",\"description\":\"First Class Dangerous Goods Consulting, Management, Training.\",\"publisher\":{\"@id\":\"https:\\\/\\\/www.alpha-gefahrgut-consulting.de\\\/#organization\"},\"potentialAction\":[{\"@type\":\"SearchAction\",\"target\":{\"@type\":\"EntryPoint\",\"urlTemplate\":\"https:\\\/\\\/www.alpha-gefahrgut-consulting.de\\\/?s={search_term_string}\"},\"query-input\":{\"@type\":\"PropertyValueSpecification\",\"valueRequired\":true,\"valueName\":\"search_term_string\"}}],\"inLanguage\":\"de\"},{\"@type\":\"Organization\",\"@id\":\"https:\\\/\\\/www.alpha-gefahrgut-consulting.de\\\/#organization\",\"name\":\"ALPHA GEFAHRGUT CONSULTING\",\"url\":\"https:\\\/\\\/www.alpha-gefahrgut-consulting.de\\\/\",\"logo\":{\"@type\":\"ImageObject\",\"inLanguage\":\"de\",\"@id\":\"https:\\\/\\\/www.alpha-gefahrgut-consulting.de\\\/#\\\/schema\\\/logo\\\/image\\\/\",\"url\":\"https:\\\/\\\/www.alpha-gefahrgut-consulting.de\\\/wp-content\\\/uploads\\\/2020\\\/04\\\/cropped-AGCLogoBlech-c.jpg\",\"contentUrl\":\"https:\\\/\\\/www.alpha-gefahrgut-consulting.de\\\/wp-content\\\/uploads\\\/2020\\\/04\\\/cropped-AGCLogoBlech-c.jpg\",\"width\":250,\"height\":250,\"caption\":\"ALPHA GEFAHRGUT CONSULTING\"},\"image\":{\"@id\":\"https:\\\/\\\/www.alpha-gefahrgut-consulting.de\\\/#\\\/schema\\\/logo\\\/image\\\/\"},\"sameAs\":[\"https:\\\/\\\/x.com\\\/Alpha_Gefahrgut\",\"https:\\\/\\\/www.youtube.com\\\/@AlphaDGConsulting\",\"https:\\\/\\\/buymeacoffee.com\\\/AlphaDGConsulting\",\"https:\\\/\\\/bsky.app\\\/profile\\\/alpha-gefahrgut.bsky.social\",\"https:\\\/\\\/www.reddit.com\\\/user\\\/United_Ad5357\\\/\",\"https:\\\/\\\/semasocial.com\\\/profile\\\/247322\",\"https:\\\/\\\/truthsocial.com\\\/@AlphaDangerousGoodsConsulting\",\"https:\\\/\\\/www.linkedin.com\\\/in\\\/michael-miska-mm\\\/\",\"https:\\\/\\\/www.xing.com\\\/profile\\\/Michael_Miska088516\\\/web_profiles\",\"https:\\\/\\\/rumble.com\\\/user\\\/AlphaDangerousGoodsConsulting\",\"https:\\\/\\\/de.pinterest.com\\\/AlphaGefahrgutConsulting\\\/\"]}]}<\/script>\n<!-- \/ Yoast SEO plugin. -->","yoast_head_json":{"title":"IATA Gefahrgut Schulungen, \u00f6ffentlich buchbar, ab 1 Teilnehmer","description":"IATA Gefahrgut Schulungen und Unterweisungen. Alle \u00f6ffentlich buchbaren Kurse der Alpha Gefahrgut Consulting. Eine Schnell\u00fcbersicht.","robots":{"index":"index","follow":"follow","max-snippet":"max-snippet:-1","max-image-preview":"max-image-preview:large","max-video-preview":"max-video-preview:-1"},"canonical":"https:\/\/www.alpha-gefahrgut-consulting.de\/index.php\/iata-ausbilder\/","og_locale":"de_DE","og_type":"article","og_title":"IATA Gefahrgut Schulungen, \u00f6ffentlich buchbar, ab 1 Teilnehmer","og_description":"IATA Gefahrgut Schulungen und Unterweisungen. Alle \u00f6ffentlich buchbaren Kurse der Alpha Gefahrgut Consulting. Eine Schnell\u00fcbersicht.","og_url":"https:\/\/www.alpha-gefahrgut-consulting.de\/index.php\/iata-ausbilder\/","og_site_name":"ALPHA GEFAHRGUT CONSULTING","article_modified_time":"2025-07-09T10:41:14+00:00","og_image":[{"width":839,"height":390,"url":"https:\/\/www.alpha-gefahrgut-consulting.de\/wp-content\/uploads\/2025\/06\/IATA-Ausbilder-Alpha-Gefahrgut-Consulting.jpg","type":"image\/jpeg"}],"twitter_card":"summary_large_image","twitter_site":"@Alpha_Gefahrgut","twitter_misc":{"Gesch\u00e4tzte Lesezeit":"4\u00a0Minuten"},"schema":{"@context":"https:\/\/schema.org","@graph":[{"@type":"WebPage","@id":"https:\/\/www.alpha-gefahrgut-consulting.de\/index.php\/iata-ausbilder\/","url":"https:\/\/www.alpha-gefahrgut-consulting.de\/index.php\/iata-ausbilder\/","name":"IATA Gefahrgut Schulungen, \u00f6ffentlich buchbar, ab 1 Teilnehmer","isPartOf":{"@id":"https:\/\/www.alpha-gefahrgut-consulting.de\/#website"},"primaryImageOfPage":{"@id":"https:\/\/www.alpha-gefahrgut-consulting.de\/index.php\/iata-ausbilder\/#primaryimage"},"image":{"@id":"https:\/\/www.alpha-gefahrgut-consulting.de\/index.php\/iata-ausbilder\/#primaryimage"},"thumbnailUrl":"https:\/\/www.alpha-gefahrgut-consulting.de\/wp-content\/uploads\/2025\/06\/IATA-Ausbilder-Alpha-Gefahrgut-Consulting.jpg","datePublished":"2025-06-23T16:28:02+00:00","dateModified":"2025-07-09T10:41:14+00:00","description":"IATA Gefahrgut Schulungen und Unterweisungen. Alle \u00f6ffentlich buchbaren Kurse der Alpha Gefahrgut Consulting. Eine Schnell\u00fcbersicht.","breadcrumb":{"@id":"https:\/\/www.alpha-gefahrgut-consulting.de\/index.php\/iata-ausbilder\/#breadcrumb"},"inLanguage":"de","potentialAction":[{"@type":"ReadAction","target":["https:\/\/www.alpha-gefahrgut-consulting.de\/index.php\/iata-ausbilder\/"]}]},{"@type":"ImageObject","inLanguage":"de","@id":"https:\/\/www.alpha-gefahrgut-consulting.de\/index.php\/iata-ausbilder\/#primaryimage","url":"https:\/\/www.alpha-gefahrgut-consulting.de\/wp-content\/uploads\/2025\/06\/IATA-Ausbilder-Alpha-Gefahrgut-Consulting.jpg","contentUrl":"https:\/\/www.alpha-gefahrgut-consulting.de\/wp-content\/uploads\/2025\/06\/IATA-Ausbilder-Alpha-Gefahrgut-Consulting.jpg","width":839,"height":390,"caption":"Bild zeigt den vom Luftfahrt-Bundesamt anerkannten \"IATA-Ausbilder\" f\u00fcr die Gefahrgut-Bef\u00f6rderung nach den technischen Regeln der ICAO-TI\/IATA-DGR bei Alpha Gefahrgut Consulting in einem Flughafengeb\u00e4ude"},{"@type":"BreadcrumbList","@id":"https:\/\/www.alpha-gefahrgut-consulting.de\/index.php\/iata-ausbilder\/#breadcrumb","itemListElement":[{"@type":"ListItem","position":1,"name":"Startseite","item":"https:\/\/www.alpha-gefahrgut-consulting.de\/"},{"@type":"ListItem","position":2,"name":"IATA Ausbilder Gefahrgut"}]},{"@type":"WebSite","@id":"https:\/\/www.alpha-gefahrgut-consulting.de\/#website","url":"https:\/\/www.alpha-gefahrgut-consulting.de\/","name":"ALPHA GEFAHRGUT CONSULTING","description":"First Class Dangerous Goods Consulting, Management, Training.","publisher":{"@id":"https:\/\/www.alpha-gefahrgut-consulting.de\/#organization"},"potentialAction":[{"@type":"SearchAction","target":{"@type":"EntryPoint","urlTemplate":"https:\/\/www.alpha-gefahrgut-consulting.de\/?s={search_term_string}"},"query-input":{"@type":"PropertyValueSpecification","valueRequired":true,"valueName":"search_term_string"}}],"inLanguage":"de"},{"@type":"Organization","@id":"https:\/\/www.alpha-gefahrgut-consulting.de\/#organization","name":"ALPHA GEFAHRGUT CONSULTING","url":"https:\/\/www.alpha-gefahrgut-consulting.de\/","logo":{"@type":"ImageObject","inLanguage":"de","@id":"https:\/\/www.alpha-gefahrgut-consulting.de\/#\/schema\/logo\/image\/","url":"https:\/\/www.alpha-gefahrgut-consulting.de\/wp-content\/uploads\/2020\/04\/cropped-AGCLogoBlech-c.jpg","contentUrl":"https:\/\/www.alpha-gefahrgut-consulting.de\/wp-content\/uploads\/2020\/04\/cropped-AGCLogoBlech-c.jpg","width":250,"height":250,"caption":"ALPHA GEFAHRGUT CONSULTING"},"image":{"@id":"https:\/\/www.alpha-gefahrgut-consulting.de\/#\/schema\/logo\/image\/"},"sameAs":["https:\/\/x.com\/Alpha_Gefahrgut","https:\/\/www.youtube.com\/@AlphaDGConsulting","https:\/\/buymeacoffee.com\/AlphaDGConsulting","https:\/\/bsky.app\/profile\/alpha-gefahrgut.bsky.social","https:\/\/www.reddit.com\/user\/United_Ad5357\/","https:\/\/semasocial.com\/profile\/247322","https:\/\/truthsocial.com\/@AlphaDangerousGoodsConsulting","https:\/\/www.linkedin.com\/in\/michael-miska-mm\/","https:\/\/www.xing.com\/profile\/Michael_Miska088516\/web_profiles","https:\/\/rumble.com\/user\/AlphaDangerousGoodsConsulting","https:\/\/de.pinterest.com\/AlphaGefahrgutConsulting\/"]}]}},"_links":{"self":[{"href":"https:\/\/www.alpha-gefahrgut-consulting.de\/index.php\/wp-json\/wp\/v2\/pages\/9301","targetHints":{"allow":["GET"]}}],"collection":[{"href":"https:\/\/www.alpha-gefahrgut-consulting.de\/index.php\/wp-json\/wp\/v2\/pages"}],"about":[{"href":"https:\/\/www.alpha-gefahrgut-consulting.de\/index.php\/wp-json\/wp\/v2\/types\/page"}],"author":[{"embeddable":true,"href":"https:\/\/www.alpha-gefahrgut-consulting.de\/index.php\/wp-json\/wp\/v2\/users\/1"}],"replies":[{"embeddable":true,"href":"https:\/\/www.alpha-gefahrgut-consulting.de\/index.php\/wp-json\/wp\/v2\/comments?post=9301"}],"version-history":[{"count":22,"href":"https:\/\/www.alpha-gefahrgut-consulting.de\/index.php\/wp-json\/wp\/v2\/pages\/9301\/revisions"}],"predecessor-version":[{"id":9518,"href":"https:\/\/www.alpha-gefahrgut-consulting.de\/index.php\/wp-json\/wp\/v2\/pages\/9301\/revisions\/9518"}],"wp:attachment":[{"href":"https:\/\/www.alpha-gefahrgut-consulting.de\/index.php\/wp-json\/wp\/v2\/media?parent=9301"}],"curies":[{"name":"wp","href":"https:\/\/api.w.org\/{rel}","templated":true}]}}