{"id":7892,"date":"2024-12-20T11:07:02","date_gmt":"2024-12-20T10:07:02","guid":{"rendered":"https:\/\/www.alpha-gefahrgut-consulting.de\/?page_id=7892"},"modified":"2025-06-18T16:47:28","modified_gmt":"2025-06-18T14:47:28","slug":"teilnahmebedingungen-ice","status":"publish","type":"page","link":"https:\/\/www.alpha-gefahrgut-consulting.de\/index.php\/teilnahmebedingungen-ice\/","title":{"rendered":"Teilnahmebedingungen ICE"},"content":{"rendered":"<p><strong>Teilnahmebedingungen<\/strong><br \/>\n<strong>CBTA-Schulung &#8222;ICE&#8220;<\/strong><\/p>\n<p align=\"LEFT\"><span style=\"color: #000000;\"><span style=\"font-family: Bahnschrift, sans-serif;\"><span style=\"font-size: small;\">Die Anzahl der Pl\u00e4tze ist begrenzt und die Ber\u00fccksichtigung der Anmeldungen erfolgt in der Reihenfolge ihres Eingangs. Das Online-Training erfolgt als Videokonferenz im Internet (virtuelles &#8218;Live-Training&#8216; im Internet mit Pr\u00e4senzpflicht). Die Teilnahme bedarf der vorherigen schriftlichen Zustimmung der Alpha Gefahrgut Consulting.<\/span><\/span><\/span><\/p>\n<p><span style=\"color: #000000;\"><span style=\"font-family: Bahnschrift, sans-serif;\"><span style=\"font-size: small;\"><b>Es gelten die <\/b><\/span><\/span><\/span><a href=\"https:\/\/www.alpha-gefahrgut-consulting.de\/wp-content\/uploads\/2020\/04\/Alpha-AGB-Seminar-Training.pdf\"><span style=\"color: #0000cc;\"><span style=\"font-family: Bahnschrift, sans-serif;\"><span style=\"font-size: small;\"><b>AGB f\u00fcr Training<\/b><\/span><\/span><\/span><\/a><span style=\"color: #000000;\"><span style=\"font-family: Bahnschrift, sans-serif;\"><span style=\"font-size: small;\"> der Alpha Gefahrgut Consulting, sowie die erg\u00e4nzenden <\/span><\/span><\/span><a href=\"https:\/\/www.alpha-gefahrgut-consulting.de\/wp-content\/uploads\/2020\/04\/Alpha-AGB-Online-Training.pdf\"><span style=\"color: #0000cc;\"><span style=\"font-family: Bahnschrift, sans-serif;\"><span style=\"font-size: small;\"><b>AGB f\u00fcr Online-Training<\/b><\/span><\/span><\/span><\/a><span style=\"color: #000000;\"><span style=\"font-family: Bahnschrift, sans-serif;\"><span style=\"font-size: small;\">, die man auf der Web-Seite der Alpha Gefahrgut Consulting einsehen \/ downloaden kann.<\/span><\/span><\/span><\/p>\n<p><span style=\"color: #000000;\"><span style=\"font-family: Bahnschrift, sans-serif;\"><span style=\"font-size: small;\">Jeder Teilnehmer muss die <span style=\"color: #0000ff;\"><strong><a style=\"color: #0000ff;\" href=\"https:\/\/www.alpha-gefahrgut-consulting.de\/wp-content\/uploads\/2024\/01\/AGC_Info_Techn_Anforderungen_an_LBA_Online_Schulungen.pdf\">technischen Anforderungen<\/a> <\/strong><\/span>an LBA-anerkannte Web-Schulungen erf\u00fcllen bzw einhalten. Auch die <\/span><\/span><\/span><a href=\"https:\/\/www.alpha-gefahrgut-consulting.de\/wp-content\/uploads\/2020\/04\/Alpha_GC_Datenschutzerklaerung.pdf\"><span style=\"color: #0000cc;\"><span style=\"font-family: Bahnschrift, sans-serif;\"><span style=\"font-size: small;\"><b>Datenschutzerkl\u00e4rung<\/b><\/span><\/span><\/span><\/a><span style=\"color: #000000;\"><span style=\"font-family: Bahnschrift, sans-serif;\"><span style=\"font-size: small;\"> der Alpha Gefahrgut Consulting kann auf der Webseite der Alpha Gefahrgut Consulting eingesehen werden und steht dort zum Download bereit.<\/span><\/span><\/span><\/p>\n<p><span style=\"color: #000000;\"><span style=\"font-family: Bahnschrift, sans-serif;\"><span style=\"font-size: small;\"><b>F\u00fcr die Teilnahme<\/b><\/span><\/span><\/span><span style=\"color: #000000;\"><span style=\"font-family: Bahnschrift, sans-serif;\"><span style=\"font-size: small;\"> am Lehrgang m<\/span><\/span><\/span><span style=\"font-family: Bahnschrift, sans-serif;\"><span style=\"font-size: small;\">uss jeder Teilnehmer ein<\/span><\/span><span style=\"color: #000000;\"><span style=\"font-family: Bahnschrift, sans-serif;\"><span style=\"font-size: small;\"> vorhandenes, pers\u00f6nliches Exemplar der <\/span><\/span><\/span><span style=\"color: #0000ff;\"><a style=\"color: #0000ff;\" href=\"https:\/\/www.alpha-gefahrgut-consulting.de\/index.php\/iata-dgr\/\"><span style=\"font-family: Bahnschrift, sans-serif;\"><span style=\"font-size: small;\"><b>IATA-DGR<\/b><\/span><\/span><\/a><\/span> <span style=\"color: #000000;\"><span style=\"font-family: Bahnschrift, sans-serif;\"><span style=\"font-size: small;\"><b>(deutsche oder englische aktuelle Ausgabe)<\/b><\/span><\/span><\/span><span style=\"color: #000000;\"><span style=\"font-family: Bahnschrift, sans-serif;\"><span style=\"font-size: small;\"> zum Lehrgang mitbringen und durchg\u00e4ngig benutzen k\u00f6nnen (f\u00fcr \u00dcbung und Pr\u00fcfung). Die o.g. Vorschrift darf <\/span><\/span><\/span><span style=\"color: #000000;\"><span style=\"font-family: Bahnschrift, sans-serif;\"><span style=\"font-size: small;\"><b>entweder in gedruckter oder in elektronischer Form<\/b><\/span><\/span><\/span><span style=\"color: #000000;\"><span style=\"font-family: Bahnschrift, sans-serif;\"><span style=\"font-size: small;\"> benutzt werden. Die elektronische Form darf gem\u00e4\u00df LBA- Schulungsauflagen nur benutzt werden, wenn die Vorschriften an einem zus\u00e4tzlichen Bildschirm angezeigt werden oder ein separater Laptop oder Computer zus\u00e4tzlich benutzt werden kann. Ohne pers\u00f6nliches, aktuelles Exemplar der IATA-DGR ist eine Teilnahme an der Schulung nicht m\u00f6glich.<\/span><\/span><\/span><\/p>\n<p><span style=\"color: #000000;\"><span style=\"font-family: Bahnschrift, sans-serif;\"><span style=\"font-size: small;\"><b>F\u00fcr die \u00dcberpr\u00fcfung der Erf\u00fcllung der Teilnahmebedingungen <\/b><\/span><\/span><\/span><span style=\"color: #000000;\"><span style=\"font-family: Bahnschrift, sans-serif;\"><span style=\"font-size: small;\">sowie die <\/span><\/span><\/span><span style=\"color: #000000;\"><span style=\"font-family: Bahnschrift, sans-serif;\"><span style=\"font-size: small;\"><b>Abschlusspr\u00fcfung <\/b><\/span><\/span><\/span><span style=\"color: #000000;\"><span style=\"font-family: Bahnschrift, sans-serif;\"><span style=\"font-size: small;\">kann Alpha Gefahrgut Consulting ggf jeweils einen zus\u00e4tzlichen, angemessen kurzen Online- Termin bekanntgeben, der dann zeitnah vor der jeweiligen Durchf\u00fchrung (bei Pr\u00fcfung danach) liegen kann. Zus\u00e4tzliche Kosten werden seitens Alpha Gefahrgut Consulting daf\u00fcr <\/span><\/span><\/span><span style=\"color: #000000;\"><span style=\"font-family: Bahnschrift, sans-serif;\"><span style=\"font-size: small;\"><u>nicht<\/u><\/span><\/span><\/span><span style=\"color: #000000;\"><span style=\"font-family: Bahnschrift, sans-serif;\"><span style=\"font-size: small;\"> in Rechnung gestellt (ist im Preis inkludiert).<\/span><\/span><\/span><\/p>\n<p>Das <span style=\"color: #000000;\"><span style=\"font-family: Bahnschrift, sans-serif;\"><span style=\"font-size: small;\"><b>Schulungsbed\u00fcrfnis des Teilnehmers<\/b><\/span><\/span><\/span><span style=\"color: #000000;\"><span style=\"font-family: Bahnschrift, sans-serif;\"><span style=\"font-size: small;\"> ergibt sich aus dem betrieblichen <\/span><\/span><\/span><span style=\"color: #0000cc;\"><span style=\"font-family: Bahnschrift, sans-serif;\"><span style=\"font-size: small;\"><b>Kompetenzmodell (TNA, siehe unten)<\/b><\/span><\/span><\/span><span style=\"color: #000000;\"><span style=\"font-family: Bahnschrift, sans-serif;\"><span style=\"font-size: small;\">, nach welchem die dort genannten T\u00e4tigkeiten durch die Schulung abgedeckt sein m\u00fcssen.<\/span><\/span><\/span><\/p>\n<hr \/>\n<p align=\"LEFT\"><span style=\"color: #0000ff;\"><span style=\"color: #000000;\"><br \/>\n<a href=\"https:\/\/www.alpha-gefahrgut-consulting.de\/wp-content\/uploads\/2024\/12\/ALPHA-CBTA-Teilnahmebedingungen-VersenderVerpackerICE.pdf\"><span style=\"color: #0000ff;\">Teilnahmebedingungen ICE<\/span> <\/a> (Download)<\/span><br \/>\n<\/span><\/p>\n<p align=\"LEFT\"><span style=\"color: #0000ff;\">.<br \/>\n.<\/span><span style=\"color: #0000ff;\">\u00a0<\/span><\/p>\n<p align=\"LEFT\"><span style=\"color: #0000ff;\"><a style=\"color: #0000ff;\" href=\"https:\/\/www.alpha-gefahrgut-consulting.de\/wp-content\/uploads\/2024\/12\/AGC-CBTA-DG-Task-List-AB-ICE.pdf\">CBTA-Job-Task-List&#8211;TNA-Versender,Verpacker,ICE<\/a> <span style=\"color: #000000;\">\u00a0(Download)<\/span><\/span><\/p>\n","protected":false},"excerpt":{"rendered":"<p>Teilnahmebedingungen CBTA-Schulung &#8222;ICE&#8220; Die Anzahl der Pl\u00e4tze ist begrenzt und die Ber\u00fccksichtigung der Anmeldungen erfolgt in der Reihenfolge ihres Eingangs. Das Online-Training erfolgt als Videokonferenz im Internet (virtuelles &#8218;Live-Training&#8216; im Internet mit Pr\u00e4senzpflicht). Die Teilnahme bedarf der vorherigen schriftlichen Zustimmung der Alpha Gefahrgut Consulting. Es gelten die AGB f\u00fcr Training der Alpha Gefahrgut Consulting, sowie &hellip; <\/p>\n<p class=\"link-more\"><a href=\"https:\/\/www.alpha-gefahrgut-consulting.de\/index.php\/teilnahmebedingungen-ice\/\" class=\"more-link\"><span class=\"screen-reader-text\">\u201eTeilnahmebedingungen ICE\u201c<\/span> weiterlesen<\/a><\/p>\n","protected":false},"author":1,"featured_media":0,"parent":0,"menu_order":0,"comment_status":"closed","ping_status":"closed","template":"","meta":{"episode_type":"","audio_file":"","podmotor_file_id":"","podmotor_episode_id":"","cover_image":"","cover_image_id":"","duration":"","filesize":"","filesize_raw":"","date_recorded":"","explicit":"","block":"","footnotes":""},"class_list":["post-7892","page","type-page","status-publish","hentry"],"yoast_head":"<!-- This site is optimized with the Yoast SEO plugin v27.4 - https:\/\/yoast.com\/product\/yoast-seo-wordpress\/ -->\n<title>Teilnahmebedingungen ICE - ALPHA GEFAHRGUT CONSULTING<\/title>\n<meta name=\"description\" content=\"ALPHA GEFAHRGUT CONSULTING\" \/>\n<meta name=\"robots\" content=\"noindex, nofollow\" \/>\n<meta property=\"og:locale\" content=\"de_DE\" \/>\n<meta property=\"og:type\" content=\"article\" \/>\n<meta property=\"og:title\" content=\"Teilnahmebedingungen ICE - ALPHA GEFAHRGUT CONSULTING\" \/>\n<meta property=\"og:description\" content=\"ALPHA GEFAHRGUT CONSULTING\" \/>\n<meta property=\"og:url\" content=\"https:\/\/www.alpha-gefahrgut-consulting.de\/index.php\/teilnahmebedingungen-ice\/\" \/>\n<meta property=\"og:site_name\" content=\"ALPHA GEFAHRGUT CONSULTING\" \/>\n<meta property=\"article:modified_time\" content=\"2025-06-18T14:47:28+00:00\" \/>\n<meta property=\"og:image\" content=\"https:\/\/www.alpha-gefahrgut-consulting.de\/wp-content\/uploads\/2025\/05\/AGC-website-img-seo.jpg\" \/>\n\t<meta property=\"og:image:width\" content=\"1200\" \/>\n\t<meta property=\"og:image:height\" content=\"675\" \/>\n\t<meta property=\"og:image:type\" content=\"image\/jpeg\" \/>\n<meta name=\"twitter:card\" content=\"summary_large_image\" \/>\n<meta name=\"twitter:site\" content=\"@Alpha_Gefahrgut\" \/>\n<meta name=\"twitter:label1\" content=\"Gesch\u00e4tzte Lesezeit\" \/>\n\t<meta name=\"twitter:data1\" content=\"2\u00a0Minuten\" \/>\n<script type=\"application\/ld+json\" class=\"yoast-schema-graph\">{\"@context\":\"https:\\\/\\\/schema.org\",\"@graph\":[{\"@type\":\"WebPage\",\"@id\":\"https:\\\/\\\/www.alpha-gefahrgut-consulting.de\\\/index.php\\\/teilnahmebedingungen-ice\\\/\",\"url\":\"https:\\\/\\\/www.alpha-gefahrgut-consulting.de\\\/index.php\\\/teilnahmebedingungen-ice\\\/\",\"name\":\"Teilnahmebedingungen ICE - ALPHA GEFAHRGUT CONSULTING\",\"isPartOf\":{\"@id\":\"https:\\\/\\\/www.alpha-gefahrgut-consulting.de\\\/#website\"},\"datePublished\":\"2024-12-20T10:07:02+00:00\",\"dateModified\":\"2025-06-18T14:47:28+00:00\",\"description\":\"ALPHA GEFAHRGUT CONSULTING\",\"breadcrumb\":{\"@id\":\"https:\\\/\\\/www.alpha-gefahrgut-consulting.de\\\/index.php\\\/teilnahmebedingungen-ice\\\/#breadcrumb\"},\"inLanguage\":\"de\",\"potentialAction\":[{\"@type\":\"ReadAction\",\"target\":[\"https:\\\/\\\/www.alpha-gefahrgut-consulting.de\\\/index.php\\\/teilnahmebedingungen-ice\\\/\"]}]},{\"@type\":\"BreadcrumbList\",\"@id\":\"https:\\\/\\\/www.alpha-gefahrgut-consulting.de\\\/index.php\\\/teilnahmebedingungen-ice\\\/#breadcrumb\",\"itemListElement\":[{\"@type\":\"ListItem\",\"position\":1,\"name\":\"Startseite\",\"item\":\"https:\\\/\\\/www.alpha-gefahrgut-consulting.de\\\/\"},{\"@type\":\"ListItem\",\"position\":2,\"name\":\"Teilnahmebedingungen ICE\"}]},{\"@type\":\"WebSite\",\"@id\":\"https:\\\/\\\/www.alpha-gefahrgut-consulting.de\\\/#website\",\"url\":\"https:\\\/\\\/www.alpha-gefahrgut-consulting.de\\\/\",\"name\":\"ALPHA GEFAHRGUT CONSULTING\",\"description\":\"First Class Dangerous Goods Consulting, Management, Training.\",\"publisher\":{\"@id\":\"https:\\\/\\\/www.alpha-gefahrgut-consulting.de\\\/#organization\"},\"potentialAction\":[{\"@type\":\"SearchAction\",\"target\":{\"@type\":\"EntryPoint\",\"urlTemplate\":\"https:\\\/\\\/www.alpha-gefahrgut-consulting.de\\\/?s={search_term_string}\"},\"query-input\":{\"@type\":\"PropertyValueSpecification\",\"valueRequired\":true,\"valueName\":\"search_term_string\"}}],\"inLanguage\":\"de\"},{\"@type\":\"Organization\",\"@id\":\"https:\\\/\\\/www.alpha-gefahrgut-consulting.de\\\/#organization\",\"name\":\"ALPHA GEFAHRGUT CONSULTING\",\"url\":\"https:\\\/\\\/www.alpha-gefahrgut-consulting.de\\\/\",\"logo\":{\"@type\":\"ImageObject\",\"inLanguage\":\"de\",\"@id\":\"https:\\\/\\\/www.alpha-gefahrgut-consulting.de\\\/#\\\/schema\\\/logo\\\/image\\\/\",\"url\":\"https:\\\/\\\/www.alpha-gefahrgut-consulting.de\\\/wp-content\\\/uploads\\\/2020\\\/04\\\/cropped-AGCLogoBlech-c.jpg\",\"contentUrl\":\"https:\\\/\\\/www.alpha-gefahrgut-consulting.de\\\/wp-content\\\/uploads\\\/2020\\\/04\\\/cropped-AGCLogoBlech-c.jpg\",\"width\":250,\"height\":250,\"caption\":\"ALPHA GEFAHRGUT CONSULTING\"},\"image\":{\"@id\":\"https:\\\/\\\/www.alpha-gefahrgut-consulting.de\\\/#\\\/schema\\\/logo\\\/image\\\/\"},\"sameAs\":[\"https:\\\/\\\/x.com\\\/Alpha_Gefahrgut\",\"https:\\\/\\\/www.youtube.com\\\/@AlphaDGConsulting\",\"https:\\\/\\\/buymeacoffee.com\\\/AlphaDGConsulting\",\"https:\\\/\\\/bsky.app\\\/profile\\\/alpha-gefahrgut.bsky.social\",\"https:\\\/\\\/www.reddit.com\\\/user\\\/United_Ad5357\\\/\",\"https:\\\/\\\/semasocial.com\\\/profile\\\/247322\",\"https:\\\/\\\/truthsocial.com\\\/@AlphaDangerousGoodsConsulting\",\"https:\\\/\\\/www.linkedin.com\\\/in\\\/michael-miska-mm\\\/\",\"https:\\\/\\\/www.xing.com\\\/profile\\\/Michael_Miska088516\\\/web_profiles\",\"https:\\\/\\\/rumble.com\\\/user\\\/AlphaDangerousGoodsConsulting\",\"https:\\\/\\\/de.pinterest.com\\\/AlphaGefahrgutConsulting\\\/\"]}]}<\/script>\n<!-- \/ Yoast SEO plugin. -->","yoast_head_json":{"title":"Teilnahmebedingungen ICE - ALPHA GEFAHRGUT CONSULTING","description":"ALPHA GEFAHRGUT CONSULTING","robots":{"index":"noindex","follow":"nofollow"},"og_locale":"de_DE","og_type":"article","og_title":"Teilnahmebedingungen ICE - ALPHA GEFAHRGUT CONSULTING","og_description":"ALPHA GEFAHRGUT CONSULTING","og_url":"https:\/\/www.alpha-gefahrgut-consulting.de\/index.php\/teilnahmebedingungen-ice\/","og_site_name":"ALPHA GEFAHRGUT CONSULTING","article_modified_time":"2025-06-18T14:47:28+00:00","og_image":[{"width":1200,"height":675,"url":"https:\/\/www.alpha-gefahrgut-consulting.de\/wp-content\/uploads\/2025\/05\/AGC-website-img-seo.jpg","type":"image\/jpeg"}],"twitter_card":"summary_large_image","twitter_site":"@Alpha_Gefahrgut","twitter_misc":{"Gesch\u00e4tzte Lesezeit":"2\u00a0Minuten"},"schema":{"@context":"https:\/\/schema.org","@graph":[{"@type":"WebPage","@id":"https:\/\/www.alpha-gefahrgut-consulting.de\/index.php\/teilnahmebedingungen-ice\/","url":"https:\/\/www.alpha-gefahrgut-consulting.de\/index.php\/teilnahmebedingungen-ice\/","name":"Teilnahmebedingungen ICE - ALPHA GEFAHRGUT CONSULTING","isPartOf":{"@id":"https:\/\/www.alpha-gefahrgut-consulting.de\/#website"},"datePublished":"2024-12-20T10:07:02+00:00","dateModified":"2025-06-18T14:47:28+00:00","description":"ALPHA GEFAHRGUT CONSULTING","breadcrumb":{"@id":"https:\/\/www.alpha-gefahrgut-consulting.de\/index.php\/teilnahmebedingungen-ice\/#breadcrumb"},"inLanguage":"de","potentialAction":[{"@type":"ReadAction","target":["https:\/\/www.alpha-gefahrgut-consulting.de\/index.php\/teilnahmebedingungen-ice\/"]}]},{"@type":"BreadcrumbList","@id":"https:\/\/www.alpha-gefahrgut-consulting.de\/index.php\/teilnahmebedingungen-ice\/#breadcrumb","itemListElement":[{"@type":"ListItem","position":1,"name":"Startseite","item":"https:\/\/www.alpha-gefahrgut-consulting.de\/"},{"@type":"ListItem","position":2,"name":"Teilnahmebedingungen ICE"}]},{"@type":"WebSite","@id":"https:\/\/www.alpha-gefahrgut-consulting.de\/#website","url":"https:\/\/www.alpha-gefahrgut-consulting.de\/","name":"ALPHA GEFAHRGUT CONSULTING","description":"First Class Dangerous Goods Consulting, Management, Training.","publisher":{"@id":"https:\/\/www.alpha-gefahrgut-consulting.de\/#organization"},"potentialAction":[{"@type":"SearchAction","target":{"@type":"EntryPoint","urlTemplate":"https:\/\/www.alpha-gefahrgut-consulting.de\/?s={search_term_string}"},"query-input":{"@type":"PropertyValueSpecification","valueRequired":true,"valueName":"search_term_string"}}],"inLanguage":"de"},{"@type":"Organization","@id":"https:\/\/www.alpha-gefahrgut-consulting.de\/#organization","name":"ALPHA GEFAHRGUT CONSULTING","url":"https:\/\/www.alpha-gefahrgut-consulting.de\/","logo":{"@type":"ImageObject","inLanguage":"de","@id":"https:\/\/www.alpha-gefahrgut-consulting.de\/#\/schema\/logo\/image\/","url":"https:\/\/www.alpha-gefahrgut-consulting.de\/wp-content\/uploads\/2020\/04\/cropped-AGCLogoBlech-c.jpg","contentUrl":"https:\/\/www.alpha-gefahrgut-consulting.de\/wp-content\/uploads\/2020\/04\/cropped-AGCLogoBlech-c.jpg","width":250,"height":250,"caption":"ALPHA GEFAHRGUT CONSULTING"},"image":{"@id":"https:\/\/www.alpha-gefahrgut-consulting.de\/#\/schema\/logo\/image\/"},"sameAs":["https:\/\/x.com\/Alpha_Gefahrgut","https:\/\/www.youtube.com\/@AlphaDGConsulting","https:\/\/buymeacoffee.com\/AlphaDGConsulting","https:\/\/bsky.app\/profile\/alpha-gefahrgut.bsky.social","https:\/\/www.reddit.com\/user\/United_Ad5357\/","https:\/\/semasocial.com\/profile\/247322","https:\/\/truthsocial.com\/@AlphaDangerousGoodsConsulting","https:\/\/www.linkedin.com\/in\/michael-miska-mm\/","https:\/\/www.xing.com\/profile\/Michael_Miska088516\/web_profiles","https:\/\/rumble.com\/user\/AlphaDangerousGoodsConsulting","https:\/\/de.pinterest.com\/AlphaGefahrgutConsulting\/"]}]}},"_links":{"self":[{"href":"https:\/\/www.alpha-gefahrgut-consulting.de\/index.php\/wp-json\/wp\/v2\/pages\/7892","targetHints":{"allow":["GET"]}}],"collection":[{"href":"https:\/\/www.alpha-gefahrgut-consulting.de\/index.php\/wp-json\/wp\/v2\/pages"}],"about":[{"href":"https:\/\/www.alpha-gefahrgut-consulting.de\/index.php\/wp-json\/wp\/v2\/types\/page"}],"author":[{"embeddable":true,"href":"https:\/\/www.alpha-gefahrgut-consulting.de\/index.php\/wp-json\/wp\/v2\/users\/1"}],"replies":[{"embeddable":true,"href":"https:\/\/www.alpha-gefahrgut-consulting.de\/index.php\/wp-json\/wp\/v2\/comments?post=7892"}],"version-history":[{"count":2,"href":"https:\/\/www.alpha-gefahrgut-consulting.de\/index.php\/wp-json\/wp\/v2\/pages\/7892\/revisions"}],"predecessor-version":[{"id":9195,"href":"https:\/\/www.alpha-gefahrgut-consulting.de\/index.php\/wp-json\/wp\/v2\/pages\/7892\/revisions\/9195"}],"wp:attachment":[{"href":"https:\/\/www.alpha-gefahrgut-consulting.de\/index.php\/wp-json\/wp\/v2\/media?parent=7892"}],"curies":[{"name":"wp","href":"https:\/\/api.w.org\/{rel}","templated":true}]}}