{"id":5459,"date":"2024-03-19T16:21:15","date_gmt":"2024-03-19T15:21:15","guid":{"rendered":"https:\/\/www.alpha-gefahrgut-consulting.de\/?page_id=5459"},"modified":"2025-07-10T17:07:59","modified_gmt":"2025-07-10T15:07:59","slug":"cbta-tna","status":"publish","type":"page","link":"https:\/\/www.alpha-gefahrgut-consulting.de\/index.php\/cbta-tna\/","title":{"rendered":"CBTA TNA (training needs analysis)"},"content":{"rendered":"<p><span style=\"color: #000000;\"><strong>CBTA- TNA (Training Needs Analysis)<br \/>\n&#8222;Job Task List&#8220;<\/strong><\/span><\/p>\n<p><span style=\"font-family: Bahnschrift, sans-serif;\"><strong><u>Grunds\u00e4tzliches:<\/u><\/strong><br \/>\nGem\u00e4\u00df international geltender CBTA-Schulungsbestimmungen der ICAO und erg\u00e4nzenden nationalen deutschen Durchf\u00fchrungsbestimmungen (NfL) des Luftfahrt-Bundesamtes (LBA) muss der Arbeitgeber einer Person, die an der Bef\u00f6rderung gef\u00e4hrlicher G\u00fcter beteiligt ist, nicht nur f\u00fcr eine vorschriftenkonforme <a href=\"https:\/\/www.alpha-gefahrgut-consulting.de\/index.php\/cbta-gefahrgutschulung-luft\/\"><span style=\"color: #0000ff;\"><strong>CBTA-Schulung<\/strong><\/span><\/a> (Schulungsbescheinigung) sorgen, sondern auch f\u00fcr eine vorherige &#8222;<strong>Training Needs Analysis&#8220; (TNA)<\/strong> nach CBTA.<\/span><\/p>\n<p>Und so kommen Sie schnell, bequem und sicher zur <strong>TNA<\/strong>:<br \/>\nEinfach dem untenstehenden Link und den Anweisungen folgen.<br \/>\nNach wenigen Dialog-Eingaben erhalten Sie eine kostenlos verwertbare TNA.<br \/>\nDiese TNA ist zugleich die TNA f\u00fcr die Teilnahme an einer \u00f6ffentlich ausgelobten (\u00f6ffentlich buchbaren) CBTA-Schulung der Alpha Gefahrgut Consulting.<br \/>\n<span style=\"color: #0000ff;\"><a style=\"color: #0000ff;\" href=\"https:\/\/www.alpha-gefahrgut-consulting.de\/index.php\/cbta-tna-im-dialog\/\"><strong>TNA im Dialog<\/strong><\/a><\/span> erstellen.<\/p>\n<hr \/>\n<p><strong>F\u00fcr die Anfrage von Inhouse- Schulungsleistungen <\/strong>nach ICAO-TI\/IATA-DGR\/CBTA bei Alpha Gefahrgut Consulting k\u00f6nnen Kunden und solche, die es wom\u00f6glich werden wollen, den auf dieser Webseite eingestellten<strong> Formvorschlag <\/strong>in eigener Verantwortung kostenlos benutzen und zur Angebotserstellung an Alpha Gefahrgut Consulting einsenden:<\/p>\n<p><span style=\"color: #0000ff;\"><strong><a style=\"color: #0000ff;\" href=\"https:\/\/www.alpha-gefahrgut-consulting.de\/wp-content\/uploads\/2024\/03\/AGC-CBTA-DG-Task-List-TNA-DE-Fillable-PDF.pdf\">AGC CBTA DG Task List &#8211; TNA &#8211; DE &#8211; Fillable PDF<\/a><\/strong><\/span><\/p>\n<hr \/>\n<p><span style=\"font-family: Bahnschrift, sans-serif;\"><span style=\"color: #ff0000;\">Hinweis:<\/span><br \/>\n<span style=\"color: #ff0000;\">F\u00fcr die Teilnahme an \u00f6ffentlich ausgelobten (\u00f6ffentlich buchbaren) CBTA-Schulungen gilt die jeweils durch Alpha Gefahrgut Consulting extra daf\u00fcr ver\u00f6ffentlichte Job Task List (TNA), siehe jeweils dort.<\/span><br \/>\n<\/span><\/p>\n<hr \/>\n<p><strong>Zuviel des Guten?<\/strong><br \/>\nSie m\u00f6chten das ganze CBTA-Drumherum (Schulungsplan, Schulungsplanung, TNA trainings needs analysis, Assessor, Assessment,\u00a0 etc.) <strong>lieber extern vergeben<\/strong>?<br \/>\nKein Problem,\u00a0 mit Alpha Gefahrgut Consulting an Ihrer Seite sind Sie dabei gut und sicher unterwegs. Den passgenauen CBTA-Schulungsplan k\u00f6nnen Sie bei uns quasi als Konfektionsware erwerben\u00a0 Und bei Bedarf an Ihre speziellen betrieblichen Belange weiter anpassen (lassen). Ebenso gerne sind wir vor Ort an Ihrer Seite. Nach Abschluss eines Dienstleistungsvertrages \u00fcbernehmen wir die betriebliche Funktion eines externen Assessors oder ggf. auch eines externen Gefahrgutbeauftragten f\u00fcr den Luftverkehr (freiwillig bestellt), der den Job des CBTA-Assessors dann gleich mit bew\u00e4ltigen kann&#8230;<br \/>\nDie L\u00f6sungen sind bereits da. Wo stehen Sie? Setzen Sie auf uns, denn mit Alpha Gefahrgut Consulting ist das CBTA f\u00fcr Sie eine <span style=\"color: #0000ff;\"><strong><a style=\"color: #0000ff;\" href=\"https:\/\/www.alpha-gefahrgut-consulting.de\/index.php\/cbta-dangerousgoods-training\/\">einfache Kiste<\/a><\/strong><\/span>.<\/p>\n<hr \/>\n","protected":false},"excerpt":{"rendered":"<p>CBTA- TNA (Training Needs Analysis) &#8222;Job Task List&#8220; Grunds\u00e4tzliches: Gem\u00e4\u00df international geltender CBTA-Schulungsbestimmungen der ICAO und erg\u00e4nzenden nationalen deutschen Durchf\u00fchrungsbestimmungen (NfL) des Luftfahrt-Bundesamtes (LBA) muss der Arbeitgeber einer Person, die an der Bef\u00f6rderung gef\u00e4hrlicher G\u00fcter beteiligt ist, nicht nur f\u00fcr eine vorschriftenkonforme CBTA-Schulung (Schulungsbescheinigung) sorgen, sondern auch f\u00fcr eine vorherige &#8222;Training Needs Analysis&#8220; (TNA) nach &hellip; <\/p>\n<p class=\"link-more\"><a href=\"https:\/\/www.alpha-gefahrgut-consulting.de\/index.php\/cbta-tna\/\" class=\"more-link\"><span class=\"screen-reader-text\">\u201eCBTA TNA (training needs analysis)\u201c<\/span> weiterlesen<\/a><\/p>\n","protected":false},"author":1,"featured_media":0,"parent":0,"menu_order":0,"comment_status":"closed","ping_status":"closed","template":"","meta":{"episode_type":"","audio_file":"","podmotor_file_id":"","podmotor_episode_id":"","cover_image":"","cover_image_id":"","duration":"","filesize":"","filesize_raw":"","date_recorded":"","explicit":"","block":"","footnotes":""},"class_list":["post-5459","page","type-page","status-publish","hentry"],"yoast_head":"<!-- This site is optimized with the Yoast SEO plugin v27.4 - https:\/\/yoast.com\/product\/yoast-seo-wordpress\/ -->\n<title>Schnell und sicher zur TNA (Training Needs Analysis)<\/title>\n<meta name=\"description\" content=\"Hier kommen Sie schnell und sicher zur Training Needs Analysis (TNA) nach CBTA.\" \/>\n<meta name=\"robots\" content=\"index, follow, max-snippet:-1, max-image-preview:large, max-video-preview:-1\" \/>\n<link rel=\"canonical\" href=\"https:\/\/www.alpha-gefahrgut-consulting.de\/index.php\/cbta-tna\/\" \/>\n<meta property=\"og:locale\" content=\"de_DE\" \/>\n<meta property=\"og:type\" content=\"article\" \/>\n<meta property=\"og:title\" content=\"Schnell und sicher zur TNA (Training Needs Analysis)\" \/>\n<meta property=\"og:description\" content=\"Hier kommen Sie schnell und sicher zur Training Needs Analysis (TNA) nach CBTA.\" \/>\n<meta property=\"og:url\" content=\"https:\/\/www.alpha-gefahrgut-consulting.de\/index.php\/cbta-tna\/\" \/>\n<meta property=\"og:site_name\" content=\"ALPHA GEFAHRGUT CONSULTING\" \/>\n<meta property=\"article:modified_time\" content=\"2025-07-10T15:07:59+00:00\" \/>\n<meta property=\"og:image\" content=\"https:\/\/www.alpha-gefahrgut-consulting.de\/wp-content\/uploads\/2025\/05\/AGC-website-img-seo.jpg\" \/>\n\t<meta property=\"og:image:width\" content=\"1200\" \/>\n\t<meta property=\"og:image:height\" content=\"675\" \/>\n\t<meta property=\"og:image:type\" content=\"image\/jpeg\" \/>\n<meta name=\"twitter:card\" content=\"summary_large_image\" \/>\n<meta name=\"twitter:site\" content=\"@Alpha_Gefahrgut\" \/>\n<meta name=\"twitter:label1\" content=\"Gesch\u00e4tzte Lesezeit\" \/>\n\t<meta name=\"twitter:data1\" content=\"2\u00a0Minuten\" \/>\n<script type=\"application\/ld+json\" class=\"yoast-schema-graph\">{\"@context\":\"https:\\\/\\\/schema.org\",\"@graph\":[{\"@type\":\"WebPage\",\"@id\":\"https:\\\/\\\/www.alpha-gefahrgut-consulting.de\\\/index.php\\\/cbta-tna\\\/\",\"url\":\"https:\\\/\\\/www.alpha-gefahrgut-consulting.de\\\/index.php\\\/cbta-tna\\\/\",\"name\":\"Schnell und sicher zur TNA (Training Needs Analysis)\",\"isPartOf\":{\"@id\":\"https:\\\/\\\/www.alpha-gefahrgut-consulting.de\\\/#website\"},\"datePublished\":\"2024-03-19T15:21:15+00:00\",\"dateModified\":\"2025-07-10T15:07:59+00:00\",\"description\":\"Hier kommen Sie schnell und sicher zur Training Needs Analysis (TNA) nach CBTA.\",\"breadcrumb\":{\"@id\":\"https:\\\/\\\/www.alpha-gefahrgut-consulting.de\\\/index.php\\\/cbta-tna\\\/#breadcrumb\"},\"inLanguage\":\"de\",\"potentialAction\":[{\"@type\":\"ReadAction\",\"target\":[\"https:\\\/\\\/www.alpha-gefahrgut-consulting.de\\\/index.php\\\/cbta-tna\\\/\"]}]},{\"@type\":\"BreadcrumbList\",\"@id\":\"https:\\\/\\\/www.alpha-gefahrgut-consulting.de\\\/index.php\\\/cbta-tna\\\/#breadcrumb\",\"itemListElement\":[{\"@type\":\"ListItem\",\"position\":1,\"name\":\"Startseite\",\"item\":\"https:\\\/\\\/www.alpha-gefahrgut-consulting.de\\\/\"},{\"@type\":\"ListItem\",\"position\":2,\"name\":\"CBTA TNA (training needs analysis)\"}]},{\"@type\":\"WebSite\",\"@id\":\"https:\\\/\\\/www.alpha-gefahrgut-consulting.de\\\/#website\",\"url\":\"https:\\\/\\\/www.alpha-gefahrgut-consulting.de\\\/\",\"name\":\"ALPHA GEFAHRGUT CONSULTING\",\"description\":\"First Class Dangerous Goods Consulting, Management, Training.\",\"publisher\":{\"@id\":\"https:\\\/\\\/www.alpha-gefahrgut-consulting.de\\\/#organization\"},\"potentialAction\":[{\"@type\":\"SearchAction\",\"target\":{\"@type\":\"EntryPoint\",\"urlTemplate\":\"https:\\\/\\\/www.alpha-gefahrgut-consulting.de\\\/?s={search_term_string}\"},\"query-input\":{\"@type\":\"PropertyValueSpecification\",\"valueRequired\":true,\"valueName\":\"search_term_string\"}}],\"inLanguage\":\"de\"},{\"@type\":\"Organization\",\"@id\":\"https:\\\/\\\/www.alpha-gefahrgut-consulting.de\\\/#organization\",\"name\":\"ALPHA GEFAHRGUT CONSULTING\",\"url\":\"https:\\\/\\\/www.alpha-gefahrgut-consulting.de\\\/\",\"logo\":{\"@type\":\"ImageObject\",\"inLanguage\":\"de\",\"@id\":\"https:\\\/\\\/www.alpha-gefahrgut-consulting.de\\\/#\\\/schema\\\/logo\\\/image\\\/\",\"url\":\"https:\\\/\\\/www.alpha-gefahrgut-consulting.de\\\/wp-content\\\/uploads\\\/2020\\\/04\\\/cropped-AGCLogoBlech-c.jpg\",\"contentUrl\":\"https:\\\/\\\/www.alpha-gefahrgut-consulting.de\\\/wp-content\\\/uploads\\\/2020\\\/04\\\/cropped-AGCLogoBlech-c.jpg\",\"width\":250,\"height\":250,\"caption\":\"ALPHA GEFAHRGUT CONSULTING\"},\"image\":{\"@id\":\"https:\\\/\\\/www.alpha-gefahrgut-consulting.de\\\/#\\\/schema\\\/logo\\\/image\\\/\"},\"sameAs\":[\"https:\\\/\\\/x.com\\\/Alpha_Gefahrgut\",\"https:\\\/\\\/www.youtube.com\\\/@AlphaDGConsulting\",\"https:\\\/\\\/buymeacoffee.com\\\/AlphaDGConsulting\",\"https:\\\/\\\/bsky.app\\\/profile\\\/alpha-gefahrgut.bsky.social\",\"https:\\\/\\\/www.reddit.com\\\/user\\\/United_Ad5357\\\/\",\"https:\\\/\\\/semasocial.com\\\/profile\\\/247322\",\"https:\\\/\\\/truthsocial.com\\\/@AlphaDangerousGoodsConsulting\",\"https:\\\/\\\/www.linkedin.com\\\/in\\\/michael-miska-mm\\\/\",\"https:\\\/\\\/www.xing.com\\\/profile\\\/Michael_Miska088516\\\/web_profiles\",\"https:\\\/\\\/rumble.com\\\/user\\\/AlphaDangerousGoodsConsulting\",\"https:\\\/\\\/de.pinterest.com\\\/AlphaGefahrgutConsulting\\\/\"]}]}<\/script>\n<!-- \/ Yoast SEO plugin. -->","yoast_head_json":{"title":"Schnell und sicher zur TNA (Training Needs Analysis)","description":"Hier kommen Sie schnell und sicher zur Training Needs Analysis (TNA) nach CBTA.","robots":{"index":"index","follow":"follow","max-snippet":"max-snippet:-1","max-image-preview":"max-image-preview:large","max-video-preview":"max-video-preview:-1"},"canonical":"https:\/\/www.alpha-gefahrgut-consulting.de\/index.php\/cbta-tna\/","og_locale":"de_DE","og_type":"article","og_title":"Schnell und sicher zur TNA (Training Needs Analysis)","og_description":"Hier kommen Sie schnell und sicher zur Training Needs Analysis (TNA) nach CBTA.","og_url":"https:\/\/www.alpha-gefahrgut-consulting.de\/index.php\/cbta-tna\/","og_site_name":"ALPHA GEFAHRGUT CONSULTING","article_modified_time":"2025-07-10T15:07:59+00:00","og_image":[{"width":1200,"height":675,"url":"https:\/\/www.alpha-gefahrgut-consulting.de\/wp-content\/uploads\/2025\/05\/AGC-website-img-seo.jpg","type":"image\/jpeg"}],"twitter_card":"summary_large_image","twitter_site":"@Alpha_Gefahrgut","twitter_misc":{"Gesch\u00e4tzte Lesezeit":"2\u00a0Minuten"},"schema":{"@context":"https:\/\/schema.org","@graph":[{"@type":"WebPage","@id":"https:\/\/www.alpha-gefahrgut-consulting.de\/index.php\/cbta-tna\/","url":"https:\/\/www.alpha-gefahrgut-consulting.de\/index.php\/cbta-tna\/","name":"Schnell und sicher zur TNA (Training Needs Analysis)","isPartOf":{"@id":"https:\/\/www.alpha-gefahrgut-consulting.de\/#website"},"datePublished":"2024-03-19T15:21:15+00:00","dateModified":"2025-07-10T15:07:59+00:00","description":"Hier kommen Sie schnell und sicher zur Training Needs Analysis (TNA) nach CBTA.","breadcrumb":{"@id":"https:\/\/www.alpha-gefahrgut-consulting.de\/index.php\/cbta-tna\/#breadcrumb"},"inLanguage":"de","potentialAction":[{"@type":"ReadAction","target":["https:\/\/www.alpha-gefahrgut-consulting.de\/index.php\/cbta-tna\/"]}]},{"@type":"BreadcrumbList","@id":"https:\/\/www.alpha-gefahrgut-consulting.de\/index.php\/cbta-tna\/#breadcrumb","itemListElement":[{"@type":"ListItem","position":1,"name":"Startseite","item":"https:\/\/www.alpha-gefahrgut-consulting.de\/"},{"@type":"ListItem","position":2,"name":"CBTA TNA (training needs analysis)"}]},{"@type":"WebSite","@id":"https:\/\/www.alpha-gefahrgut-consulting.de\/#website","url":"https:\/\/www.alpha-gefahrgut-consulting.de\/","name":"ALPHA GEFAHRGUT CONSULTING","description":"First Class Dangerous Goods Consulting, Management, Training.","publisher":{"@id":"https:\/\/www.alpha-gefahrgut-consulting.de\/#organization"},"potentialAction":[{"@type":"SearchAction","target":{"@type":"EntryPoint","urlTemplate":"https:\/\/www.alpha-gefahrgut-consulting.de\/?s={search_term_string}"},"query-input":{"@type":"PropertyValueSpecification","valueRequired":true,"valueName":"search_term_string"}}],"inLanguage":"de"},{"@type":"Organization","@id":"https:\/\/www.alpha-gefahrgut-consulting.de\/#organization","name":"ALPHA GEFAHRGUT CONSULTING","url":"https:\/\/www.alpha-gefahrgut-consulting.de\/","logo":{"@type":"ImageObject","inLanguage":"de","@id":"https:\/\/www.alpha-gefahrgut-consulting.de\/#\/schema\/logo\/image\/","url":"https:\/\/www.alpha-gefahrgut-consulting.de\/wp-content\/uploads\/2020\/04\/cropped-AGCLogoBlech-c.jpg","contentUrl":"https:\/\/www.alpha-gefahrgut-consulting.de\/wp-content\/uploads\/2020\/04\/cropped-AGCLogoBlech-c.jpg","width":250,"height":250,"caption":"ALPHA GEFAHRGUT CONSULTING"},"image":{"@id":"https:\/\/www.alpha-gefahrgut-consulting.de\/#\/schema\/logo\/image\/"},"sameAs":["https:\/\/x.com\/Alpha_Gefahrgut","https:\/\/www.youtube.com\/@AlphaDGConsulting","https:\/\/buymeacoffee.com\/AlphaDGConsulting","https:\/\/bsky.app\/profile\/alpha-gefahrgut.bsky.social","https:\/\/www.reddit.com\/user\/United_Ad5357\/","https:\/\/semasocial.com\/profile\/247322","https:\/\/truthsocial.com\/@AlphaDangerousGoodsConsulting","https:\/\/www.linkedin.com\/in\/michael-miska-mm\/","https:\/\/www.xing.com\/profile\/Michael_Miska088516\/web_profiles","https:\/\/rumble.com\/user\/AlphaDangerousGoodsConsulting","https:\/\/de.pinterest.com\/AlphaGefahrgutConsulting\/"]}]}},"_links":{"self":[{"href":"https:\/\/www.alpha-gefahrgut-consulting.de\/index.php\/wp-json\/wp\/v2\/pages\/5459","targetHints":{"allow":["GET"]}}],"collection":[{"href":"https:\/\/www.alpha-gefahrgut-consulting.de\/index.php\/wp-json\/wp\/v2\/pages"}],"about":[{"href":"https:\/\/www.alpha-gefahrgut-consulting.de\/index.php\/wp-json\/wp\/v2\/types\/page"}],"author":[{"embeddable":true,"href":"https:\/\/www.alpha-gefahrgut-consulting.de\/index.php\/wp-json\/wp\/v2\/users\/1"}],"replies":[{"embeddable":true,"href":"https:\/\/www.alpha-gefahrgut-consulting.de\/index.php\/wp-json\/wp\/v2\/comments?post=5459"}],"version-history":[{"count":18,"href":"https:\/\/www.alpha-gefahrgut-consulting.de\/index.php\/wp-json\/wp\/v2\/pages\/5459\/revisions"}],"predecessor-version":[{"id":9558,"href":"https:\/\/www.alpha-gefahrgut-consulting.de\/index.php\/wp-json\/wp\/v2\/pages\/5459\/revisions\/9558"}],"wp:attachment":[{"href":"https:\/\/www.alpha-gefahrgut-consulting.de\/index.php\/wp-json\/wp\/v2\/media?parent=5459"}],"curies":[{"name":"wp","href":"https:\/\/api.w.org\/{rel}","templated":true}]}}