{"id":226,"date":"2020-04-25T12:31:30","date_gmt":"2020-04-25T10:31:30","guid":{"rendered":"https:\/\/www.alpha-gefahrgut-consulting.de\/?page_id=226"},"modified":"2026-01-22T17:01:29","modified_gmt":"2026-01-22T16:01:29","slug":"more-about-agc","status":"publish","type":"page","link":"https:\/\/www.alpha-gefahrgut-consulting.de\/index.php\/more-about-agc\/","title":{"rendered":"More about AGC"},"content":{"rendered":"<p><span style=\"font-family: Arial, sans-serif;\"><b>Mehr \u00fcber Alpha Gefahrgut Consulting:<\/b><\/span><\/p>\n<p><strong><span style=\"font-family: Arial, sans-serif;\">Das Unternehmen:<\/span><\/strong><\/p>\n<p><span style=\"font-family: Arial, sans-serif;\">Alpha Gefahrgut Consulting ist ein inhabergef\u00fchrtes Consulting-Business und wurde um das Jahr 2000 gegr\u00fcndet. Gr\u00fcnder, Inhaber und Betreiber ist der Speditionskaufmann Michael Miska. &#8218;Alpha GC&#8216; ist als Safety Consultant und (externer) Gefahrgutbeauftragter (EU-Sicherheitsberater, Safety Adviser Dangerous Goods) t\u00e4tig.<\/span><\/p>\n<p><span style=\"font-family: Arial, sans-serif;\">Das Gefahrgut- Know how deckt alle Verkehrstr\u00e4ger ab:<br \/>\n<\/span><span style=\"font-family: Arial, sans-serif;\">Luft-, See-, Stra\u00dfen,- Schienen- und Binnenschiffsverkehr.<\/span><\/p>\n<p><span style=\"font-family: Arial, sans-serif;\">Alpha Gefahrgut Consulting ist vom Luftfahrt-Bundesamt (LBA) anerkannter Schulungsveranstalter f\u00fcr Gefahrgut-Schulungen im Luftverkehr nach CBTA der ICAO-TI \/ IATA-DGR und f\u00fcr alle LBA-definierten T\u00e4tigkeitsbereiche bei der Bef\u00f6rderung gef\u00e4hrlicher G\u00fcter im Luftverkehr (A bis O) (P bis T).<br \/>\n<em>(Bem: Fr\u00fcher: Zertifikatstrainings f\u00fcr alle Personalkategorien <\/em><em>(PK 1 bis 12) (PK 13 bis 17).<\/em><br \/>\nAlpha Gefahrgut Consulting, Michael Miska, ist insbesondere IHK-anerkannter Gefahrgutbeauftragter f\u00fcr Stra\u00dfe, Schiene, Binnenschifffahrt und Seeverkehr sowie vom Luftfahrt-Bundesamt (LBA) anerkannter Ausbilder f\u00fcr Gefahrgut-Schulungen im Luftverkehr sowie vom Verein Deutscher Ingenieure (VDI) anerkannter Ausbilder f\u00fcr Ladungssicherung nach VDI 2700a<\/span><span style=\"font-family: Arial, sans-serif;\">.<br \/>\n<\/span><\/p>\n<figure id=\"attachment_93\" aria-describedby=\"caption-attachment-93\" style=\"width: 225px\" class=\"wp-caption alignnone\"><img loading=\"lazy\" decoding=\"async\" class=\"size-medium wp-image-93\" src=\"https:\/\/www.alpha-gefahrgut-consulting.de\/wp-content\/uploads\/2020\/04\/MM_AGC_Cisco-225x300.jpg\" alt=\"\" width=\"225\" height=\"300\" srcset=\"https:\/\/www.alpha-gefahrgut-consulting.de\/wp-content\/uploads\/2020\/04\/MM_AGC_Cisco-225x300.jpg 225w, https:\/\/www.alpha-gefahrgut-consulting.de\/wp-content\/uploads\/2020\/04\/MM_AGC_Cisco.jpg 709w\" sizes=\"auto, (max-width: 225px) 100vw, 225px\" \/><figcaption id=\"caption-attachment-93\" class=\"wp-caption-text\">Michael Miska<\/figcaption><\/figure>\n<p><span style=\"font-family: Arial, sans-serif;\"><b>Branchenerfahrung, Beratungs- und Ausbildungserfahrung:<br \/>\n<\/b>Spedition, Transport, Lagerung, <\/span><span style=\"font-family: Arial, sans-serif;\">Umschlag,<br \/>\nVerpackung, Verladung, Ladungssicherung,<br \/>\n<\/span><span style=\"font-family: Arial, sans-serif;\">Kontraktlogistik, Consulting,<br \/>\nStra\u00dfen- und Schienenverkehr,<br \/>\nSee- und Binnenschiffahrt,<br \/>\n<\/span><span style=\"font-family: Arial, sans-serif;\">Luftverkehr,<br \/>\n<\/span><span style=\"font-family: Arial, sans-serif;\">Versandhandel,<br \/>\n<\/span><span style=\"font-family: Arial, sans-serif;\">Chemische Industrie,<br \/>\nApparate- und Ger\u00e4tebau,<br \/>\nMaschinen- und Anlagenbau,<br \/>\n<\/span><span style=\"font-family: Arial, sans-serif;\">Fahrzeugbau (Schiene, Stra\u00dfe),<br \/>\n<\/span><span style=\"font-family: Arial, sans-serif;\">Elektroindustrie (inkl Batteriehersteller),<br \/>\n<\/span><span style=\"font-family: Arial, sans-serif;\">Health Care, Gesundheit, Medizintechnik,<br \/>\n<\/span><span style=\"font-family: Arial, sans-serif;\">Human- und Veterin\u00e4rmedizin,<br \/>\nKosmetik, Beauty, Wellness<br \/>\nEDV- Hard-\/Software \/ IT,<br \/>\nMetallindustrie,<br \/>\n<\/span><span style=\"font-family: Arial, sans-serif;\">Rohstoffhandel,<br \/>\nIndustriegase,<br \/>\nMasseng\u00fcter (Bulk),<br \/>\nExplosivstoffe (zivil, milit\u00e4risch),<br \/>\nLuft- u. Raumfahrt, Verteidigung,<br \/>\nBeh\u00f6rden.<\/span><\/p>\n<p><span style=\"font-family: Arial, sans-serif;\"><b>Logistikprofis:<br \/>\n<\/b>Sie treffen nicht auf branchenfremde Theoretiker, sondern auf Transport- und Logistikprofis. Von kleinen Computer- Chips bis hin zu 85 Tonnen schweren Transformatoren und kompletten Industrieanlagen haben wir bereits alles versendet. Per Lastkraftwagen, Eisenbahn, Binnen- und Seeschiff sowie mit Flugzeugen. \u00dcber 30 Jahre Berufs-, Beratungs- und Management- Erfahrung in leitenden Positionen in der internationalen Spedition und Logistik, in Logistik- Abteilungen von international agierenden Unternehmen der Industrie und des Handels sowie im Consulting- Business erm\u00f6glichen es, den Themen- Komplex der Bef\u00f6rderung gef\u00e4hrlicher G\u00fcter ganzheitlich und im Kontext vielf\u00e4ltiger betrieblicher Leistungsprozesse zu sehen.<br \/>\nLagerei, Umschlag, Transport, Spedition, Logistik, Zollwesen und G\u00fcterschaden- bzw Transport- Versicherung sind uns ebenso vertraute Arbeitsgebiete wie Gefahrgut, Verpackung und Ladungssicherung.<br \/>\n<\/span><span style=\"font-family: Arial, sans-serif;\">Selbstverst\u00e4ndlich k\u00f6nnte man es hier auch Warehousing, Transshipment, Transportation, Forwarding, Logistics, Customs, Insurance, Dangerous Goods or Hazardous Materials Shipping, Packing, Cargo Stowing and Securing nennen.<\/span><\/p>\n<p><span style=\"font-family: Arial, sans-serif;\">Unsere Englischkenntnisse sind nicht zuletzt aufgrund langj\u00e4hriger Management-T\u00e4tigkeiten in international t\u00e4tigen Unternehmen flie\u00dfend und verhandlungs- und pr\u00e4sentationssicher. Wir sind grenz\u00fcberschreitend t\u00e4tig und bieten unsere Dienstleistungen im In- und Ausland an. Unsere Dienstleistungen &#8211; inklusive Beratungen, Beauftragtent\u00e4tigkeiten und Schulungen &#8211; bieten wir auch in englischer Sprache an.<\/span><\/p>\n","protected":false},"excerpt":{"rendered":"<p>Mehr \u00fcber Alpha Gefahrgut Consulting: Das Unternehmen: Alpha Gefahrgut Consulting ist ein inhabergef\u00fchrtes Consulting-Business und wurde um das Jahr 2000 gegr\u00fcndet. Gr\u00fcnder, Inhaber und Betreiber ist der Speditionskaufmann Michael Miska. &#8218;Alpha GC&#8216; ist als Safety Consultant und (externer) Gefahrgutbeauftragter (EU-Sicherheitsberater, Safety Adviser Dangerous Goods) t\u00e4tig. Das Gefahrgut- Know how deckt alle Verkehrstr\u00e4ger ab: Luft-, See-, &hellip; <\/p>\n<p class=\"link-more\"><a href=\"https:\/\/www.alpha-gefahrgut-consulting.de\/index.php\/more-about-agc\/\" class=\"more-link\"><span class=\"screen-reader-text\">\u201eMore about AGC\u201c<\/span> weiterlesen<\/a><\/p>\n","protected":false},"author":1,"featured_media":0,"parent":0,"menu_order":0,"comment_status":"closed","ping_status":"closed","template":"","meta":{"episode_type":"","audio_file":"","podmotor_file_id":"","podmotor_episode_id":"","cover_image":"","cover_image_id":"","duration":"","filesize":"","filesize_raw":"","date_recorded":"","explicit":"","block":"","footnotes":""},"class_list":["post-226","page","type-page","status-publish","hentry"],"yoast_head":"<!-- This site is optimized with the Yoast SEO plugin v27.4 - https:\/\/yoast.com\/product\/yoast-seo-wordpress\/ -->\n<title>More about AGC - ALPHA GEFAHRGUT CONSULTING<\/title>\n<meta name=\"description\" content=\"ALPHA GEFAHRGUT CONSULTING\" \/>\n<meta name=\"robots\" content=\"noindex, nofollow\" \/>\n<meta property=\"og:locale\" content=\"de_DE\" \/>\n<meta property=\"og:type\" content=\"article\" \/>\n<meta property=\"og:title\" content=\"More about AGC - ALPHA GEFAHRGUT CONSULTING\" \/>\n<meta property=\"og:description\" content=\"ALPHA GEFAHRGUT CONSULTING\" \/>\n<meta property=\"og:url\" content=\"https:\/\/www.alpha-gefahrgut-consulting.de\/index.php\/more-about-agc\/\" \/>\n<meta property=\"og:site_name\" content=\"ALPHA GEFAHRGUT CONSULTING\" \/>\n<meta property=\"article:modified_time\" content=\"2026-01-22T16:01:29+00:00\" \/>\n<meta property=\"og:image\" content=\"https:\/\/www.alpha-gefahrgut-consulting.de\/wp-content\/uploads\/2020\/04\/MM_AGC_Cisco.jpg\" \/>\n\t<meta property=\"og:image:width\" content=\"709\" \/>\n\t<meta property=\"og:image:height\" content=\"945\" \/>\n\t<meta property=\"og:image:type\" content=\"image\/jpeg\" \/>\n<meta name=\"twitter:card\" content=\"summary_large_image\" \/>\n<meta name=\"twitter:site\" content=\"@Alpha_Gefahrgut\" \/>\n<meta name=\"twitter:label1\" content=\"Gesch\u00e4tzte Lesezeit\" \/>\n\t<meta name=\"twitter:data1\" content=\"3\u00a0Minuten\" \/>\n<script type=\"application\/ld+json\" class=\"yoast-schema-graph\">{\"@context\":\"https:\\\/\\\/schema.org\",\"@graph\":[{\"@type\":\"WebPage\",\"@id\":\"https:\\\/\\\/www.alpha-gefahrgut-consulting.de\\\/index.php\\\/more-about-agc\\\/\",\"url\":\"https:\\\/\\\/www.alpha-gefahrgut-consulting.de\\\/index.php\\\/more-about-agc\\\/\",\"name\":\"More about AGC - ALPHA GEFAHRGUT CONSULTING\",\"isPartOf\":{\"@id\":\"https:\\\/\\\/www.alpha-gefahrgut-consulting.de\\\/#website\"},\"primaryImageOfPage\":{\"@id\":\"https:\\\/\\\/www.alpha-gefahrgut-consulting.de\\\/index.php\\\/more-about-agc\\\/#primaryimage\"},\"image\":{\"@id\":\"https:\\\/\\\/www.alpha-gefahrgut-consulting.de\\\/index.php\\\/more-about-agc\\\/#primaryimage\"},\"thumbnailUrl\":\"https:\\\/\\\/www.alpha-gefahrgut-consulting.de\\\/wp-content\\\/uploads\\\/2020\\\/04\\\/MM_AGC_Cisco-225x300.jpg\",\"datePublished\":\"2020-04-25T10:31:30+00:00\",\"dateModified\":\"2026-01-22T16:01:29+00:00\",\"description\":\"ALPHA GEFAHRGUT CONSULTING\",\"breadcrumb\":{\"@id\":\"https:\\\/\\\/www.alpha-gefahrgut-consulting.de\\\/index.php\\\/more-about-agc\\\/#breadcrumb\"},\"inLanguage\":\"de\",\"potentialAction\":[{\"@type\":\"ReadAction\",\"target\":[\"https:\\\/\\\/www.alpha-gefahrgut-consulting.de\\\/index.php\\\/more-about-agc\\\/\"]}]},{\"@type\":\"ImageObject\",\"inLanguage\":\"de\",\"@id\":\"https:\\\/\\\/www.alpha-gefahrgut-consulting.de\\\/index.php\\\/more-about-agc\\\/#primaryimage\",\"url\":\"https:\\\/\\\/www.alpha-gefahrgut-consulting.de\\\/wp-content\\\/uploads\\\/2020\\\/04\\\/MM_AGC_Cisco.jpg\",\"contentUrl\":\"https:\\\/\\\/www.alpha-gefahrgut-consulting.de\\\/wp-content\\\/uploads\\\/2020\\\/04\\\/MM_AGC_Cisco.jpg\",\"width\":709,\"height\":945,\"caption\":\"Michael Miska\"},{\"@type\":\"BreadcrumbList\",\"@id\":\"https:\\\/\\\/www.alpha-gefahrgut-consulting.de\\\/index.php\\\/more-about-agc\\\/#breadcrumb\",\"itemListElement\":[{\"@type\":\"ListItem\",\"position\":1,\"name\":\"Startseite\",\"item\":\"https:\\\/\\\/www.alpha-gefahrgut-consulting.de\\\/\"},{\"@type\":\"ListItem\",\"position\":2,\"name\":\"More about AGC\"}]},{\"@type\":\"WebSite\",\"@id\":\"https:\\\/\\\/www.alpha-gefahrgut-consulting.de\\\/#website\",\"url\":\"https:\\\/\\\/www.alpha-gefahrgut-consulting.de\\\/\",\"name\":\"ALPHA GEFAHRGUT CONSULTING\",\"description\":\"First Class Dangerous Goods Consulting, Management, Training.\",\"publisher\":{\"@id\":\"https:\\\/\\\/www.alpha-gefahrgut-consulting.de\\\/#organization\"},\"potentialAction\":[{\"@type\":\"SearchAction\",\"target\":{\"@type\":\"EntryPoint\",\"urlTemplate\":\"https:\\\/\\\/www.alpha-gefahrgut-consulting.de\\\/?s={search_term_string}\"},\"query-input\":{\"@type\":\"PropertyValueSpecification\",\"valueRequired\":true,\"valueName\":\"search_term_string\"}}],\"inLanguage\":\"de\"},{\"@type\":\"Organization\",\"@id\":\"https:\\\/\\\/www.alpha-gefahrgut-consulting.de\\\/#organization\",\"name\":\"ALPHA GEFAHRGUT CONSULTING\",\"url\":\"https:\\\/\\\/www.alpha-gefahrgut-consulting.de\\\/\",\"logo\":{\"@type\":\"ImageObject\",\"inLanguage\":\"de\",\"@id\":\"https:\\\/\\\/www.alpha-gefahrgut-consulting.de\\\/#\\\/schema\\\/logo\\\/image\\\/\",\"url\":\"https:\\\/\\\/www.alpha-gefahrgut-consulting.de\\\/wp-content\\\/uploads\\\/2020\\\/04\\\/cropped-AGCLogoBlech-c.jpg\",\"contentUrl\":\"https:\\\/\\\/www.alpha-gefahrgut-consulting.de\\\/wp-content\\\/uploads\\\/2020\\\/04\\\/cropped-AGCLogoBlech-c.jpg\",\"width\":250,\"height\":250,\"caption\":\"ALPHA GEFAHRGUT CONSULTING\"},\"image\":{\"@id\":\"https:\\\/\\\/www.alpha-gefahrgut-consulting.de\\\/#\\\/schema\\\/logo\\\/image\\\/\"},\"sameAs\":[\"https:\\\/\\\/x.com\\\/Alpha_Gefahrgut\",\"https:\\\/\\\/www.youtube.com\\\/@AlphaDGConsulting\",\"https:\\\/\\\/buymeacoffee.com\\\/AlphaDGConsulting\",\"https:\\\/\\\/bsky.app\\\/profile\\\/alpha-gefahrgut.bsky.social\",\"https:\\\/\\\/www.reddit.com\\\/user\\\/United_Ad5357\\\/\",\"https:\\\/\\\/semasocial.com\\\/profile\\\/247322\",\"https:\\\/\\\/truthsocial.com\\\/@AlphaDangerousGoodsConsulting\",\"https:\\\/\\\/www.linkedin.com\\\/in\\\/michael-miska-mm\\\/\",\"https:\\\/\\\/www.xing.com\\\/profile\\\/Michael_Miska088516\\\/web_profiles\",\"https:\\\/\\\/rumble.com\\\/user\\\/AlphaDangerousGoodsConsulting\",\"https:\\\/\\\/de.pinterest.com\\\/AlphaGefahrgutConsulting\\\/\"]}]}<\/script>\n<!-- \/ Yoast SEO plugin. -->","yoast_head_json":{"title":"More about AGC - ALPHA GEFAHRGUT CONSULTING","description":"ALPHA GEFAHRGUT CONSULTING","robots":{"index":"noindex","follow":"nofollow"},"og_locale":"de_DE","og_type":"article","og_title":"More about AGC - ALPHA GEFAHRGUT CONSULTING","og_description":"ALPHA GEFAHRGUT CONSULTING","og_url":"https:\/\/www.alpha-gefahrgut-consulting.de\/index.php\/more-about-agc\/","og_site_name":"ALPHA GEFAHRGUT CONSULTING","article_modified_time":"2026-01-22T16:01:29+00:00","og_image":[{"width":709,"height":945,"url":"https:\/\/www.alpha-gefahrgut-consulting.de\/wp-content\/uploads\/2020\/04\/MM_AGC_Cisco.jpg","type":"image\/jpeg"}],"twitter_card":"summary_large_image","twitter_site":"@Alpha_Gefahrgut","twitter_misc":{"Gesch\u00e4tzte Lesezeit":"3\u00a0Minuten"},"schema":{"@context":"https:\/\/schema.org","@graph":[{"@type":"WebPage","@id":"https:\/\/www.alpha-gefahrgut-consulting.de\/index.php\/more-about-agc\/","url":"https:\/\/www.alpha-gefahrgut-consulting.de\/index.php\/more-about-agc\/","name":"More about AGC - ALPHA GEFAHRGUT CONSULTING","isPartOf":{"@id":"https:\/\/www.alpha-gefahrgut-consulting.de\/#website"},"primaryImageOfPage":{"@id":"https:\/\/www.alpha-gefahrgut-consulting.de\/index.php\/more-about-agc\/#primaryimage"},"image":{"@id":"https:\/\/www.alpha-gefahrgut-consulting.de\/index.php\/more-about-agc\/#primaryimage"},"thumbnailUrl":"https:\/\/www.alpha-gefahrgut-consulting.de\/wp-content\/uploads\/2020\/04\/MM_AGC_Cisco-225x300.jpg","datePublished":"2020-04-25T10:31:30+00:00","dateModified":"2026-01-22T16:01:29+00:00","description":"ALPHA GEFAHRGUT CONSULTING","breadcrumb":{"@id":"https:\/\/www.alpha-gefahrgut-consulting.de\/index.php\/more-about-agc\/#breadcrumb"},"inLanguage":"de","potentialAction":[{"@type":"ReadAction","target":["https:\/\/www.alpha-gefahrgut-consulting.de\/index.php\/more-about-agc\/"]}]},{"@type":"ImageObject","inLanguage":"de","@id":"https:\/\/www.alpha-gefahrgut-consulting.de\/index.php\/more-about-agc\/#primaryimage","url":"https:\/\/www.alpha-gefahrgut-consulting.de\/wp-content\/uploads\/2020\/04\/MM_AGC_Cisco.jpg","contentUrl":"https:\/\/www.alpha-gefahrgut-consulting.de\/wp-content\/uploads\/2020\/04\/MM_AGC_Cisco.jpg","width":709,"height":945,"caption":"Michael Miska"},{"@type":"BreadcrumbList","@id":"https:\/\/www.alpha-gefahrgut-consulting.de\/index.php\/more-about-agc\/#breadcrumb","itemListElement":[{"@type":"ListItem","position":1,"name":"Startseite","item":"https:\/\/www.alpha-gefahrgut-consulting.de\/"},{"@type":"ListItem","position":2,"name":"More about AGC"}]},{"@type":"WebSite","@id":"https:\/\/www.alpha-gefahrgut-consulting.de\/#website","url":"https:\/\/www.alpha-gefahrgut-consulting.de\/","name":"ALPHA GEFAHRGUT CONSULTING","description":"First Class Dangerous Goods Consulting, Management, Training.","publisher":{"@id":"https:\/\/www.alpha-gefahrgut-consulting.de\/#organization"},"potentialAction":[{"@type":"SearchAction","target":{"@type":"EntryPoint","urlTemplate":"https:\/\/www.alpha-gefahrgut-consulting.de\/?s={search_term_string}"},"query-input":{"@type":"PropertyValueSpecification","valueRequired":true,"valueName":"search_term_string"}}],"inLanguage":"de"},{"@type":"Organization","@id":"https:\/\/www.alpha-gefahrgut-consulting.de\/#organization","name":"ALPHA GEFAHRGUT CONSULTING","url":"https:\/\/www.alpha-gefahrgut-consulting.de\/","logo":{"@type":"ImageObject","inLanguage":"de","@id":"https:\/\/www.alpha-gefahrgut-consulting.de\/#\/schema\/logo\/image\/","url":"https:\/\/www.alpha-gefahrgut-consulting.de\/wp-content\/uploads\/2020\/04\/cropped-AGCLogoBlech-c.jpg","contentUrl":"https:\/\/www.alpha-gefahrgut-consulting.de\/wp-content\/uploads\/2020\/04\/cropped-AGCLogoBlech-c.jpg","width":250,"height":250,"caption":"ALPHA GEFAHRGUT CONSULTING"},"image":{"@id":"https:\/\/www.alpha-gefahrgut-consulting.de\/#\/schema\/logo\/image\/"},"sameAs":["https:\/\/x.com\/Alpha_Gefahrgut","https:\/\/www.youtube.com\/@AlphaDGConsulting","https:\/\/buymeacoffee.com\/AlphaDGConsulting","https:\/\/bsky.app\/profile\/alpha-gefahrgut.bsky.social","https:\/\/www.reddit.com\/user\/United_Ad5357\/","https:\/\/semasocial.com\/profile\/247322","https:\/\/truthsocial.com\/@AlphaDangerousGoodsConsulting","https:\/\/www.linkedin.com\/in\/michael-miska-mm\/","https:\/\/www.xing.com\/profile\/Michael_Miska088516\/web_profiles","https:\/\/rumble.com\/user\/AlphaDangerousGoodsConsulting","https:\/\/de.pinterest.com\/AlphaGefahrgutConsulting\/"]}]}},"_links":{"self":[{"href":"https:\/\/www.alpha-gefahrgut-consulting.de\/index.php\/wp-json\/wp\/v2\/pages\/226","targetHints":{"allow":["GET"]}}],"collection":[{"href":"https:\/\/www.alpha-gefahrgut-consulting.de\/index.php\/wp-json\/wp\/v2\/pages"}],"about":[{"href":"https:\/\/www.alpha-gefahrgut-consulting.de\/index.php\/wp-json\/wp\/v2\/types\/page"}],"author":[{"embeddable":true,"href":"https:\/\/www.alpha-gefahrgut-consulting.de\/index.php\/wp-json\/wp\/v2\/users\/1"}],"replies":[{"embeddable":true,"href":"https:\/\/www.alpha-gefahrgut-consulting.de\/index.php\/wp-json\/wp\/v2\/comments?post=226"}],"version-history":[{"count":14,"href":"https:\/\/www.alpha-gefahrgut-consulting.de\/index.php\/wp-json\/wp\/v2\/pages\/226\/revisions"}],"predecessor-version":[{"id":11176,"href":"https:\/\/www.alpha-gefahrgut-consulting.de\/index.php\/wp-json\/wp\/v2\/pages\/226\/revisions\/11176"}],"wp:attachment":[{"href":"https:\/\/www.alpha-gefahrgut-consulting.de\/index.php\/wp-json\/wp\/v2\/media?parent=226"}],"curies":[{"name":"wp","href":"https:\/\/api.w.org\/{rel}","templated":true}]}}