{"id":191,"date":"2020-04-21T18:11:35","date_gmt":"2020-04-21T16:11:35","guid":{"rendered":"https:\/\/www.alpha-gefahrgut-consulting.de\/?page_id=191"},"modified":"2025-07-12T18:15:48","modified_gmt":"2025-07-12T16:15:48","slug":"gefahrgutbeauftragter","status":"publish","type":"page","link":"https:\/\/www.alpha-gefahrgut-consulting.de\/index.php\/gefahrgutbeauftragter\/","title":{"rendered":"Gefahrgutbeauftragter"},"content":{"rendered":"<h1><span style=\"color: #000000;\"><strong>Gefahrgutbeauftragter f\u00fcr alle F\u00e4lle<\/strong><\/span><\/h1>\n<p><strong>Der kompetente und integre Partner an Ihrer Seite:<br \/>Ihr Gefahrgutbeauftragter f\u00fcr alle F\u00e4lle und Verkehrstr\u00e4ger.<\/strong><br \/>(Stra\u00dfe, Schiene, Binnen- und Seeschiffahrt, Luftverkehr)*<\/p>\n<p>(*<em>im Land- und Seeverkehr gem\u00e4\u00df GbV und IHK-Anerkennung,<\/em><br \/><em>im Luftverkehr mit LBA-anerkannten Zertifikaten nach NfL, CBTA, ICAO-TI\/ IATA-DGR.<br \/>Ladungssicherung VDI-anerkannt. <br \/>G\u00fcltig sicherheits\u00fcberpr\u00fcft.<\/em><\/p>\n<p><a href=\"https:\/\/www.alpha-gefahrgut-consulting.de\/wp-content\/uploads\/2023\/02\/Alpha-Gefahrgut-Consulting-Prospekt-Gefahrgutbeauftragter-extern.pdf\"><strong><span style=\"color: #000080;\">Prospekt Gefahrgutbeauftragter extern<\/span><\/strong><\/a><\/p>\n<p>.<\/p>\n<p><a href=\"https:\/\/www.alpha-gefahrgut-consulting.de\/index.php\/gefahrgutbeauftragter-in-nrw\/\"><strong>Unser Standort in NRW<\/strong><\/a><br \/>Immer ganz in der N\u00e4he!<\/p>\n<p>.<\/p>\n<hr \/>\n<p><strong><em>\u00dcbrigens:<\/em><\/strong><br \/><em>Ausgerechnet im Luftverkehr (!)<br \/><\/em><em style=\"font-size: revert;\">ist der Gefahrgutbeauftragte nach GbV aktuell nicht mehr beh\u00f6rdlich vorgeschrieben.<\/em><\/p>\n<p><em>Gut beraten ist jedoch, wer den Gefahrgutbeauftragten f\u00fcr Luftverkehr freiwillig bestellt.<br \/><\/em><em>Wir \u00fcbernehmen diese Aufgabe gern f\u00fcr Sie.<br \/>Und wir stellen auch den externen\u00a0 <strong><a href=\"https:\/\/www.alpha-gefahrgut-consulting.de\/index.php\/assessor\/\">Assessor<\/a> nach CBTA<\/strong>\u00a0 f\u00fcr die Gefahrgutbef\u00f6rderung im Luftverkehr (bei erfolgter Bestellung als Gefahrgutbeauftragter Luftverkehr ist ggf. eine kostenneutrale Inkludierung des Assessors m\u00f6glich &#8211; fragen Sie uns).<\/em><\/p>\n<hr \/>\n<h1><span style=\"font-family: Arial, sans-serif;\"><strong>Hintergrundinformationen<br \/><\/strong><\/span><span style=\"font-family: Arial, sans-serif;\">zum Thema Gefahrgutbeauftragter:<\/span><\/h1>\n<p>Die an der Bef\u00f6rderung gef\u00e4hrlicher G\u00fcter beteiligten Unternehmen m\u00fcssen gem\u00e4\u00df deutscher <strong>Gefahrgutbeauftragtenverordnung (GbV)<\/strong>*<\/p>\n<p><em><span style=\"font-family: Arial, sans-serif;\">*Verordnung \u00fcber die Bestellung von Gefahrgutbeauftragten in Unternehmen (Gefahrgutbeauftragtenverordnung (GbV)<\/span><\/em><\/p>\n<p><span style=\"font-family: Arial, sans-serif;\">einen oder mehrere Gefahrgutbeauftragte (Sicherheitsberater) zur \u00dcberwachung der betrieblichen T\u00e4tigkeiten bei der Bef\u00f6rderung gef\u00e4hrlicher G\u00fcter bestellen.<br \/>Als Gefahrgutbeauftragter darf nur bestellt und t\u00e4tig werden, wer Inhaber eines g\u00fcltigen Schulungsnachweises ist. Der Schulungsnachweis ist durch eine Schulung nach \u00a75 GbV zu erwerben, mit einer schriftlichen IHK-Pr\u00fcfung abzuschlie\u00dfen, l\u00e4ngstens f\u00fcnf Jahre g\u00fcltig und durch fristgem\u00e4\u00dfe schriftliche Pr\u00fcfungen bei einer IHK zu verl\u00e4ngern.<\/span><\/p>\n<h2><span style=\"color: #000000;\"><strong>Ordnungswidrigkeiten<\/strong><\/span><\/h2>\n<p>Ordnungswidrig handelt insbesondere, wer als Unternehmer einen Gefahrgutbeauftragten vors\u00e4tzlich oder fahrl\u00e4ssig nicht, nicht in der vorgeschriebenen Weise oder nicht rechtzeitig bestellt, einen Gefahrgutbeauftragten bestellt, der nicht im Besitz des vorgeschriebenen Schulungsnachweises ist oder als Unternehmer selbst die Aufgaben des Gefahrgutbeauftragten wahrnimmt, ohne im Besitz des vorgeschriebenen Schulungsnachweises zu sein.<\/p>\n<hr \/>\n<h2><span style=\"color: #000000;\"><strong>Dienstleister<\/strong><\/span><\/h2>\n<p>Alpha Gefahrgut Consulting \u00fcbernimmt f\u00fcr Sie nach Abschluss eines Dienstleistungsvertrages die Aufgaben des Gefahrgutbeauftragten bei der Gefahrgutbef\u00f6rderung im:<br \/><span style=\"font-family: Arial, sans-serif;\">Stra\u00dfenverkehr, <\/span><span style=\"font-family: Arial, sans-serif;\">Schienenverkehr, <\/span><span style=\"font-family: Arial, sans-serif;\">Binnenschiffsverkehr, <\/span><span style=\"font-family: Arial, sans-serif;\">Seeverkehr<br \/>(Bestellung nach deutscher GbV, jeweilige aktuelle Fassung),<br \/><em>Luftverkehr (derzeit optionale, freiwillige Bestellung nach Vertrag)<\/em>.<\/span><\/p>\n<h2><span style=\"font-family: Arial, sans-serif; color: #000000;\"><strong>Frei skalierbare L\u00f6sung<\/strong><\/span><\/h2>\n<p><span style=\"font-family: Arial, sans-serif;\">Sie erhalten eine frei skalierbare L\u00f6sung f\u00fcr alle Verkehrstr\u00e4ger aus einer Hand.<br \/>Neutral, unabh\u00e4ngig, kompetent, loyal, integer.<br \/><\/span><\/p>\n<p>Verbessern Sie die Wettbewerbsf\u00e4higkeit, reduzieren Sie Fixkosten, erh\u00f6hen Sie Flexibilit\u00e4t, Professionalit\u00e4t und Servicegrad:<span style=\"font-family: Arial, sans-serif;\"><br \/>Entscheiden Sie sich f\u00fcr die Expertise von Alpha Gefahrgut Consulting.<\/span><\/p>\n<p>Die bereits vielf\u00e4ltigen \u00dcberwachungs- und Beratungs- <span style=\"color: #0000ff;\"><a href=\"https:\/\/www.alpha-gefahrgut-consulting.de\/index.php\/gefahrgutbeauftragter-adr-rid-adn\/\">Aufgaben des Gefahrgutbeauftbeauftragten<\/a><\/span>\u00a0 sind insbesondere auch im ADR, RID, ADN festgeschrieben, siehe auch dort.<\/p>\n<hr \/>\n<h2><strong><span style=\"color: #008000;\">Gut zu wissen:<\/span><\/strong><\/h2>\n<p><strong>Der Gefahrgutbeauftragte<\/strong> &#8211; so wie ihn die deutsche Gefahrgutbeauftragten-Verordnung (GbV) definiert hat &#8211; <strong>muss<\/strong> <strong>\u00fcberwachen und beraten<\/strong>. Genau das sind seine Pflichten, die er nach Vorgaben des Gesetzgebers unbedingt zu erf\u00fcllen hat.<\/p>\n<p>Der Gefahrgutbeauftragte darf auch <strong>unterweisen und schulen<\/strong>, allerdings erfolgt das nicht in Pflichterf\u00fcllung nach einer Bestellung als Gefahrgutbeauftragter gem\u00e4\u00df GbV, sondern begr\u00fcndet als separate Service-Leistung eine ebensolche zus\u00e4tzliche zeitliche Ber\u00fccksichtigung wie separate Verg\u00fctung.<\/p>\n<p>Gleiches gilt in besonderer Weise f\u00fcr die \u00dcbernahme von sonstigen <strong>Service-, Projekt-, Management- Aufgaben<\/strong> (z.B. F\u00fchrungs- bzw. Betriebsleitungs- Aufgaben). Wenn der Gefahrgutbeauftragte die Gefahrgutprozesse selbst f\u00fchrt und anweist, mutiert er vom \u00dcberwacher und Berater nach GbV zum Manager bzw zur &#8222;beauftragten Person&#8220; i.S. des OWiG.<\/p>\n<hr \/>\n<h2><span style=\"color: #000000;\"><strong>Je nach gew\u00e4hlter Vertragsart<\/strong><\/span><\/h2>\n<p>kann Alpha Gefahrgut Consulting dabei die jeweils gew\u00fcnschte betriebliche Unterst\u00fctzung f\u00fcr Sie leisten.<\/p>\n<p><strong>Gefahrgut-Service-Leistungen <\/strong>und<strong> Gefahrgut-Beratungs-Leistungen<\/strong> sowie <strong>Gefahrgut-Projektarbeiten<\/strong> und <strong>Gefahrgut-Management-Leistungen<\/strong> ebenso wie <strong>Gefahrgut-Schulungen<\/strong> und <strong>Gefahrgut-Unterweisungen<\/strong> k\u00f6nnen wir dabei auch <strong>v\u00f6llig unabh\u00e4ngig von einer Bestellung zum Gefahrgutbeauftragten<\/strong> erbringen, d.h. Sie m\u00fcssen uns in diesen F\u00e4llen nicht vorher zum Gefahrgutbeauftragten bestellen. Diese Leistungen sind immer kostenpflichtig. Jedoch sind bei bereits erfolgter Bestellung zum Gefahrgutbeauftragten bestimmte Beratungsleistungen des Gefahrgutbeauftragten im Rahmen der Aus\u00fcbung der T\u00e4tigkeiten des Gefahrgutbeauftragten ggf im Vertragspreis inkludiert. Siehe dazu auch unter <a href=\"https:\/\/www.alpha-gefahrgut-consulting.de\/index.php\/gefahrgutbeauftragter-adr-rid-adn\/\">Aufgaben des Gefahrgutbeauftragten<\/a>.<\/p>\n<p>Wo gew\u00fcnscht, k\u00f6nnen wir f\u00fcr auch das <strong>Management<\/strong> der Gefahrgut-Bef\u00f6rderung \u00fcbernehmen, siehe weiter unten (&#8222;OPERA&#8220;) oder im Rahmen von Projekten.<\/p>\n<hr \/>\n<h2><span style=\"color: #ff6600;\"><em><strong>Die Gefahrgut-Suppe<\/strong>:<\/em><\/span><\/h2>\n<p><em>(Sie m\u00fcssen uns schon sagen, was Sie brauchen)<\/em><br \/><strong><span style=\"color: #ff0000;\"><em>Es ist wie mit einer teuflisch scharfen Suppe: <\/em><\/span><\/strong><br \/><em>Wenn Sie daf\u00fcr einen langen L\u00f6ffel ben\u00f6tigen, dann stellen wir den gerne f\u00fcr Sie bereit. Wenn Sie eine Sch\u00f6pfkelle brauchen, gerne auch das. Sie k\u00f6nnen auch einen Topf, den passenden Deckel und einen tiefen Teller daf\u00fcr erhalten. Und wenn Sie das alles nicht, sondern stattdessen einen Dosen\u00f6ffner ben\u00f6tigen, dann m\u00fcssen wir das wissen, um Ihnen den passenden Vertrag und die passende Dienstleistung anbieten zu k\u00f6nnen. Und selbst wenn Sie jemanden suchen sollten, der die ganze scharfe Suppe f\u00fcr Sie ausl\u00f6ffeln soll, dann k\u00f6nnen wir auch das tun: Siehe unten, virtuelle Betriebsleitung Gefahrgut, die &#8222;DG-Opera&#8220;&#8230;<\/em><\/p>\n<hr \/>\n<h2><span style=\"color: #000000;\"><strong>Die Extrawurst:<\/strong><\/span><\/h2>\n<p>Ein neue Sonne erstrahlt am Gefahrgut-Himmel:<br \/><a href=\"https:\/\/www.alpha-gefahrgut-consulting.de\/index.php\/dg-opera\/\"><span style=\"color: #800080;\"><strong>DG-&#8222;OPERA&#8220;<\/strong><\/span><\/a>, ein neues Produkt der Alpha Gefahrgut Consulting.<\/p>\n<p>F\u00fcr Unternehmen, denen die Dienstleistung des Gefahrgutbeauftragten hinsichtlich \u00dcberwachung und Beratung noch nicht weit genug geht:<br \/><strong>Alpha Gefahrgut Consulting steuert als virtuelle Betriebsleitung aktiv das betriebliche Management von Gefahrgutbef\u00f6rderungen ausgesuchter Vertragspartner<\/strong>. F\u00fcr diese besondere Dienstleistung ist der vorherige Abschluss eines separaten &#8222;OPERA&#8220; Dienstleistungsvertrages zwingend erforderlich. Sprechen oder schreiben Sie uns an.\u00a0<\/p>\n<hr \/>\n\n\n<h2 class=\"wp-block-heading\"><strong><mark style=\"background-color:rgba(0, 0, 0, 0)\" class=\"has-inline-color has-vivid-red-color\">Achtung!<\/mark><\/strong><\/h2>\n\n\n\n<p>Praxiserfahrungen lehren und belegen, dass im realen Wirtschaftsleben Gesch\u00e4ftsmodelle und Unternehmens- Organisationen implementiert sind, bei denen der <strong>formal bestellte Gefahrgutbeauftragte nach GbV<\/strong> freiwillig oder gezwungenerma\u00dfen seine vom deutschen Gesetzgeber auferlegten \u00dcberwachungsaufgaben gegen Schulungs-, Service- oder Management- Dienste <strong>vertauscht<\/strong>, d.h. ggf v\u00f6llig anders leistet, als es verordnete Aufgabe ist und die beteiligten Parteien dabei ggf auch signifikante wirtschaftliche Vorteile &#8222;erwirtschaften&#8220;.<\/p>\n\n\n\n<h2 class=\"wp-block-heading\"><strong><mark style=\"background-color:rgba(0, 0, 0, 0)\" class=\"has-inline-color has-black-color\">Organisationsverschulden<\/mark><\/strong><\/h2>\n\n\n\n<p>Nun geh\u00f6rt zur &#8222;Berufsfreiheit&#8220; und &#8222;Unternehmensfreiheit&#8220; im Sinne freier Gr\u00fcndung und F\u00fchrung von Unternehmen auch die Freiheit, die unternehmerischen T\u00e4tigkeiten&nbsp; organisatorisch und vertraglich so zu gestalten, wie es einem gef\u00e4llt und passend erscheint (vgl auch st\u00e4ndige Rechtsprechung).&nbsp; Doch wird diese Freiheit dort \u00fcberdehnt sein, wo beh\u00f6rdlich verordnete Aufgaben nicht mehr oder nicht mehr in geh\u00f6riger Weise erledigt werden und Vorschriften faktisch unterlaufen werden. Unabh\u00e4ngig davon, ob das fahrl\u00e4ssig oder vors\u00e4tzlich geschieht, wird bei einem Schadenfall auch ein Organisationsverschulden der jeweiligen Gesch\u00e4ftsf\u00fchrungen ernsthaft zu erw\u00e4gen bzw tats\u00e4chlich nachzuweisen sein.<\/p>\n\n\n\n<h2 class=\"wp-block-heading\"><mark style=\"background-color:rgba(0, 0, 0, 0)\" class=\"has-inline-color has-black-color\"><strong>Wettbewerbswidriges Verhalten<\/strong><\/mark><\/h2>\n\n\n\n<p>Fernerhin wird eine permanent offene Flanke der Unternehmen aufgrund eines jederzeit m\u00f6glichen Vorwurfes wegen wettbewerbswidrigen Verhaltens gegeben sein und erzielte Ums\u00e4tze (eingesparte Aufwendungen) kann man prinzipiell als vom Verfallbescheid bedroht sehen. Auch die Schadenversicherer d\u00fcrften ihre eigene Auffassung zu einem solchen Fall vertreten.<\/p>\n\n\n\n<hr class=\"wp-block-separator has-alpha-channel-opacity is-style-wide\"\/>\n\n\n\n<h2 class=\"wp-block-heading\"><strong><mark style=\"background-color:rgba(0, 0, 0, 0);color:#0e6b49\" class=\"has-inline-color\">Pro Expertise!<\/mark><\/strong><\/h2>\n\n\n\n<p>Entscheiden Sie sich auch darum f\u00fcr die Expertise von Alpha Gefahrgut Consulting und damit f\u00fcr eine rechtstreue, faire, integre und loyale Dienstleistungsqualit\u00e4t.<br><em>(Hinweis: Keine Rechtsberatung!)<\/em><\/p>\n\n\n\n<hr class=\"wp-block-separator has-alpha-channel-opacity is-style-wide\"\/>\n\n\n\n<h2 class=\"wp-block-heading\"><strong><mark style=\"background-color:rgba(0, 0, 0, 0)\" class=\"has-inline-color has-black-color\">Lesestoff<\/mark><\/strong><\/h2>\n\n\n\n<p>Vertiefender Lesestoff (nicht nur f\u00fcr Gefahrgutbeauftragte) zu dem Thema:<br>Das <strong>Sachbuch<\/strong>:<br>&#8222;<a href=\"https:\/\/www.alpha-gefahrgut-consulting.de\/index.php\/real-mccoy-oder-falscher-fuffziger\/\"><strong><mark style=\"background-color:rgba(0, 0, 0, 0);color:#116595\" class=\"has-inline-color\">Der Gefahrgutbeauftragte: Real McCoy oder falscher Fuffziger<\/mark><\/strong><\/a>?&#8220;<\/p>\n\n\n\n<hr class=\"wp-block-separator has-alpha-channel-opacity is-style-wide\"\/>\n","protected":false},"excerpt":{"rendered":"<p>Gefahrgutbeauftragter f\u00fcr alle F\u00e4lle Der kompetente und integre Partner an Ihrer Seite:Ihr Gefahrgutbeauftragter f\u00fcr alle F\u00e4lle und Verkehrstr\u00e4ger.(Stra\u00dfe, Schiene, Binnen- und Seeschiffahrt, Luftverkehr)* (*im Land- und Seeverkehr gem\u00e4\u00df GbV und IHK-Anerkennung,im Luftverkehr mit LBA-anerkannten Zertifikaten nach NfL, CBTA, ICAO-TI\/ IATA-DGR.Ladungssicherung VDI-anerkannt. G\u00fcltig sicherheits\u00fcberpr\u00fcft. Prospekt Gefahrgutbeauftragter extern . Unser Standort in NRWImmer ganz in der N\u00e4he! &hellip; <\/p>\n<p class=\"link-more\"><a href=\"https:\/\/www.alpha-gefahrgut-consulting.de\/index.php\/gefahrgutbeauftragter\/\" class=\"more-link\"><span class=\"screen-reader-text\">\u201eGefahrgutbeauftragter\u201c<\/span> weiterlesen<\/a><\/p>\n","protected":false},"author":1,"featured_media":0,"parent":0,"menu_order":0,"comment_status":"closed","ping_status":"closed","template":"","meta":{"episode_type":"","audio_file":"","podmotor_file_id":"","podmotor_episode_id":"","cover_image":"","cover_image_id":"","duration":"","filesize":"","filesize_raw":"","date_recorded":"","explicit":"","block":"","footnotes":""},"class_list":["post-191","page","type-page","status-publish","hentry"],"yoast_head":"<!-- This site is optimized with the Yoast SEO plugin v27.4 - https:\/\/yoast.com\/product\/yoast-seo-wordpress\/ -->\n<title>Ein Gefahrgutbeauftragter f\u00fcr alle F\u00e4lle<\/title>\n<meta name=\"description\" content=\"Ein Gefahrgutbeauftragter f\u00fcr alle F\u00e4lle und Verkehrstr\u00e4ger, IHK-anerkannt, LBA-anerkannt, VDI-anerkannt, g\u00fcltig sicherheits\u00fcberpr\u00fcft.\" \/>\n<meta name=\"robots\" content=\"index, follow, max-snippet:-1, max-image-preview:large, max-video-preview:-1\" \/>\n<link rel=\"canonical\" href=\"https:\/\/www.alpha-gefahrgut-consulting.de\/index.php\/gefahrgutbeauftragter\/\" \/>\n<meta property=\"og:locale\" content=\"de_DE\" \/>\n<meta property=\"og:type\" content=\"article\" \/>\n<meta property=\"og:title\" content=\"Ein Gefahrgutbeauftragter f\u00fcr alle F\u00e4lle\" \/>\n<meta property=\"og:description\" content=\"Ein Gefahrgutbeauftragter f\u00fcr alle F\u00e4lle und Verkehrstr\u00e4ger, IHK-anerkannt, LBA-anerkannt, VDI-anerkannt, g\u00fcltig sicherheits\u00fcberpr\u00fcft.\" \/>\n<meta property=\"og:url\" content=\"https:\/\/www.alpha-gefahrgut-consulting.de\/index.php\/gefahrgutbeauftragter\/\" \/>\n<meta property=\"og:site_name\" content=\"ALPHA GEFAHRGUT CONSULTING\" \/>\n<meta property=\"article:modified_time\" content=\"2025-07-12T16:15:48+00:00\" \/>\n<meta property=\"og:image\" content=\"https:\/\/www.alpha-gefahrgut-consulting.de\/wp-content\/uploads\/2025\/05\/AGC-website-img-seo.jpg\" \/>\n\t<meta property=\"og:image:width\" content=\"1200\" \/>\n\t<meta property=\"og:image:height\" content=\"675\" \/>\n\t<meta property=\"og:image:type\" content=\"image\/jpeg\" \/>\n<meta name=\"twitter:card\" content=\"summary_large_image\" \/>\n<meta name=\"twitter:site\" content=\"@Alpha_Gefahrgut\" \/>\n<meta name=\"twitter:label1\" content=\"Gesch\u00e4tzte Lesezeit\" \/>\n\t<meta name=\"twitter:data1\" content=\"6\u00a0Minuten\" \/>\n<script type=\"application\/ld+json\" class=\"yoast-schema-graph\">{\"@context\":\"https:\\\/\\\/schema.org\",\"@graph\":[{\"@type\":\"WebPage\",\"@id\":\"https:\\\/\\\/www.alpha-gefahrgut-consulting.de\\\/index.php\\\/gefahrgutbeauftragter\\\/\",\"url\":\"https:\\\/\\\/www.alpha-gefahrgut-consulting.de\\\/index.php\\\/gefahrgutbeauftragter\\\/\",\"name\":\"Ein Gefahrgutbeauftragter f\u00fcr alle F\u00e4lle\",\"isPartOf\":{\"@id\":\"https:\\\/\\\/www.alpha-gefahrgut-consulting.de\\\/#website\"},\"datePublished\":\"2020-04-21T16:11:35+00:00\",\"dateModified\":\"2025-07-12T16:15:48+00:00\",\"description\":\"Ein Gefahrgutbeauftragter f\u00fcr alle F\u00e4lle und Verkehrstr\u00e4ger, IHK-anerkannt, LBA-anerkannt, VDI-anerkannt, g\u00fcltig sicherheits\u00fcberpr\u00fcft.\",\"breadcrumb\":{\"@id\":\"https:\\\/\\\/www.alpha-gefahrgut-consulting.de\\\/index.php\\\/gefahrgutbeauftragter\\\/#breadcrumb\"},\"inLanguage\":\"de\",\"potentialAction\":[{\"@type\":\"ReadAction\",\"target\":[\"https:\\\/\\\/www.alpha-gefahrgut-consulting.de\\\/index.php\\\/gefahrgutbeauftragter\\\/\"]}]},{\"@type\":\"BreadcrumbList\",\"@id\":\"https:\\\/\\\/www.alpha-gefahrgut-consulting.de\\\/index.php\\\/gefahrgutbeauftragter\\\/#breadcrumb\",\"itemListElement\":[{\"@type\":\"ListItem\",\"position\":1,\"name\":\"Startseite\",\"item\":\"https:\\\/\\\/www.alpha-gefahrgut-consulting.de\\\/\"},{\"@type\":\"ListItem\",\"position\":2,\"name\":\"Gefahrgutbeauftragter\"}]},{\"@type\":\"WebSite\",\"@id\":\"https:\\\/\\\/www.alpha-gefahrgut-consulting.de\\\/#website\",\"url\":\"https:\\\/\\\/www.alpha-gefahrgut-consulting.de\\\/\",\"name\":\"ALPHA GEFAHRGUT CONSULTING\",\"description\":\"First Class Dangerous Goods Consulting, Management, Training.\",\"publisher\":{\"@id\":\"https:\\\/\\\/www.alpha-gefahrgut-consulting.de\\\/#organization\"},\"potentialAction\":[{\"@type\":\"SearchAction\",\"target\":{\"@type\":\"EntryPoint\",\"urlTemplate\":\"https:\\\/\\\/www.alpha-gefahrgut-consulting.de\\\/?s={search_term_string}\"},\"query-input\":{\"@type\":\"PropertyValueSpecification\",\"valueRequired\":true,\"valueName\":\"search_term_string\"}}],\"inLanguage\":\"de\"},{\"@type\":\"Organization\",\"@id\":\"https:\\\/\\\/www.alpha-gefahrgut-consulting.de\\\/#organization\",\"name\":\"ALPHA GEFAHRGUT CONSULTING\",\"url\":\"https:\\\/\\\/www.alpha-gefahrgut-consulting.de\\\/\",\"logo\":{\"@type\":\"ImageObject\",\"inLanguage\":\"de\",\"@id\":\"https:\\\/\\\/www.alpha-gefahrgut-consulting.de\\\/#\\\/schema\\\/logo\\\/image\\\/\",\"url\":\"https:\\\/\\\/www.alpha-gefahrgut-consulting.de\\\/wp-content\\\/uploads\\\/2020\\\/04\\\/cropped-AGCLogoBlech-c.jpg\",\"contentUrl\":\"https:\\\/\\\/www.alpha-gefahrgut-consulting.de\\\/wp-content\\\/uploads\\\/2020\\\/04\\\/cropped-AGCLogoBlech-c.jpg\",\"width\":250,\"height\":250,\"caption\":\"ALPHA GEFAHRGUT CONSULTING\"},\"image\":{\"@id\":\"https:\\\/\\\/www.alpha-gefahrgut-consulting.de\\\/#\\\/schema\\\/logo\\\/image\\\/\"},\"sameAs\":[\"https:\\\/\\\/x.com\\\/Alpha_Gefahrgut\",\"https:\\\/\\\/www.youtube.com\\\/@AlphaDGConsulting\",\"https:\\\/\\\/buymeacoffee.com\\\/AlphaDGConsulting\",\"https:\\\/\\\/bsky.app\\\/profile\\\/alpha-gefahrgut.bsky.social\",\"https:\\\/\\\/www.reddit.com\\\/user\\\/United_Ad5357\\\/\",\"https:\\\/\\\/semasocial.com\\\/profile\\\/247322\",\"https:\\\/\\\/truthsocial.com\\\/@AlphaDangerousGoodsConsulting\",\"https:\\\/\\\/www.linkedin.com\\\/in\\\/michael-miska-mm\\\/\",\"https:\\\/\\\/www.xing.com\\\/profile\\\/Michael_Miska088516\\\/web_profiles\",\"https:\\\/\\\/rumble.com\\\/user\\\/AlphaDangerousGoodsConsulting\",\"https:\\\/\\\/de.pinterest.com\\\/AlphaGefahrgutConsulting\\\/\"]}]}<\/script>\n<!-- \/ Yoast SEO plugin. -->","yoast_head_json":{"title":"Ein Gefahrgutbeauftragter f\u00fcr alle F\u00e4lle","description":"Ein Gefahrgutbeauftragter f\u00fcr alle F\u00e4lle und Verkehrstr\u00e4ger, IHK-anerkannt, LBA-anerkannt, VDI-anerkannt, g\u00fcltig sicherheits\u00fcberpr\u00fcft.","robots":{"index":"index","follow":"follow","max-snippet":"max-snippet:-1","max-image-preview":"max-image-preview:large","max-video-preview":"max-video-preview:-1"},"canonical":"https:\/\/www.alpha-gefahrgut-consulting.de\/index.php\/gefahrgutbeauftragter\/","og_locale":"de_DE","og_type":"article","og_title":"Ein Gefahrgutbeauftragter f\u00fcr alle F\u00e4lle","og_description":"Ein Gefahrgutbeauftragter f\u00fcr alle F\u00e4lle und Verkehrstr\u00e4ger, IHK-anerkannt, LBA-anerkannt, VDI-anerkannt, g\u00fcltig sicherheits\u00fcberpr\u00fcft.","og_url":"https:\/\/www.alpha-gefahrgut-consulting.de\/index.php\/gefahrgutbeauftragter\/","og_site_name":"ALPHA GEFAHRGUT CONSULTING","article_modified_time":"2025-07-12T16:15:48+00:00","og_image":[{"width":1200,"height":675,"url":"https:\/\/www.alpha-gefahrgut-consulting.de\/wp-content\/uploads\/2025\/05\/AGC-website-img-seo.jpg","type":"image\/jpeg"}],"twitter_card":"summary_large_image","twitter_site":"@Alpha_Gefahrgut","twitter_misc":{"Gesch\u00e4tzte Lesezeit":"6\u00a0Minuten"},"schema":{"@context":"https:\/\/schema.org","@graph":[{"@type":"WebPage","@id":"https:\/\/www.alpha-gefahrgut-consulting.de\/index.php\/gefahrgutbeauftragter\/","url":"https:\/\/www.alpha-gefahrgut-consulting.de\/index.php\/gefahrgutbeauftragter\/","name":"Ein Gefahrgutbeauftragter f\u00fcr alle F\u00e4lle","isPartOf":{"@id":"https:\/\/www.alpha-gefahrgut-consulting.de\/#website"},"datePublished":"2020-04-21T16:11:35+00:00","dateModified":"2025-07-12T16:15:48+00:00","description":"Ein Gefahrgutbeauftragter f\u00fcr alle F\u00e4lle und Verkehrstr\u00e4ger, IHK-anerkannt, LBA-anerkannt, VDI-anerkannt, g\u00fcltig sicherheits\u00fcberpr\u00fcft.","breadcrumb":{"@id":"https:\/\/www.alpha-gefahrgut-consulting.de\/index.php\/gefahrgutbeauftragter\/#breadcrumb"},"inLanguage":"de","potentialAction":[{"@type":"ReadAction","target":["https:\/\/www.alpha-gefahrgut-consulting.de\/index.php\/gefahrgutbeauftragter\/"]}]},{"@type":"BreadcrumbList","@id":"https:\/\/www.alpha-gefahrgut-consulting.de\/index.php\/gefahrgutbeauftragter\/#breadcrumb","itemListElement":[{"@type":"ListItem","position":1,"name":"Startseite","item":"https:\/\/www.alpha-gefahrgut-consulting.de\/"},{"@type":"ListItem","position":2,"name":"Gefahrgutbeauftragter"}]},{"@type":"WebSite","@id":"https:\/\/www.alpha-gefahrgut-consulting.de\/#website","url":"https:\/\/www.alpha-gefahrgut-consulting.de\/","name":"ALPHA GEFAHRGUT CONSULTING","description":"First Class Dangerous Goods Consulting, Management, Training.","publisher":{"@id":"https:\/\/www.alpha-gefahrgut-consulting.de\/#organization"},"potentialAction":[{"@type":"SearchAction","target":{"@type":"EntryPoint","urlTemplate":"https:\/\/www.alpha-gefahrgut-consulting.de\/?s={search_term_string}"},"query-input":{"@type":"PropertyValueSpecification","valueRequired":true,"valueName":"search_term_string"}}],"inLanguage":"de"},{"@type":"Organization","@id":"https:\/\/www.alpha-gefahrgut-consulting.de\/#organization","name":"ALPHA GEFAHRGUT CONSULTING","url":"https:\/\/www.alpha-gefahrgut-consulting.de\/","logo":{"@type":"ImageObject","inLanguage":"de","@id":"https:\/\/www.alpha-gefahrgut-consulting.de\/#\/schema\/logo\/image\/","url":"https:\/\/www.alpha-gefahrgut-consulting.de\/wp-content\/uploads\/2020\/04\/cropped-AGCLogoBlech-c.jpg","contentUrl":"https:\/\/www.alpha-gefahrgut-consulting.de\/wp-content\/uploads\/2020\/04\/cropped-AGCLogoBlech-c.jpg","width":250,"height":250,"caption":"ALPHA GEFAHRGUT CONSULTING"},"image":{"@id":"https:\/\/www.alpha-gefahrgut-consulting.de\/#\/schema\/logo\/image\/"},"sameAs":["https:\/\/x.com\/Alpha_Gefahrgut","https:\/\/www.youtube.com\/@AlphaDGConsulting","https:\/\/buymeacoffee.com\/AlphaDGConsulting","https:\/\/bsky.app\/profile\/alpha-gefahrgut.bsky.social","https:\/\/www.reddit.com\/user\/United_Ad5357\/","https:\/\/semasocial.com\/profile\/247322","https:\/\/truthsocial.com\/@AlphaDangerousGoodsConsulting","https:\/\/www.linkedin.com\/in\/michael-miska-mm\/","https:\/\/www.xing.com\/profile\/Michael_Miska088516\/web_profiles","https:\/\/rumble.com\/user\/AlphaDangerousGoodsConsulting","https:\/\/de.pinterest.com\/AlphaGefahrgutConsulting\/"]}]}},"_links":{"self":[{"href":"https:\/\/www.alpha-gefahrgut-consulting.de\/index.php\/wp-json\/wp\/v2\/pages\/191","targetHints":{"allow":["GET"]}}],"collection":[{"href":"https:\/\/www.alpha-gefahrgut-consulting.de\/index.php\/wp-json\/wp\/v2\/pages"}],"about":[{"href":"https:\/\/www.alpha-gefahrgut-consulting.de\/index.php\/wp-json\/wp\/v2\/types\/page"}],"author":[{"embeddable":true,"href":"https:\/\/www.alpha-gefahrgut-consulting.de\/index.php\/wp-json\/wp\/v2\/users\/1"}],"replies":[{"embeddable":true,"href":"https:\/\/www.alpha-gefahrgut-consulting.de\/index.php\/wp-json\/wp\/v2\/comments?post=191"}],"version-history":[{"count":54,"href":"https:\/\/www.alpha-gefahrgut-consulting.de\/index.php\/wp-json\/wp\/v2\/pages\/191\/revisions"}],"predecessor-version":[{"id":9640,"href":"https:\/\/www.alpha-gefahrgut-consulting.de\/index.php\/wp-json\/wp\/v2\/pages\/191\/revisions\/9640"}],"wp:attachment":[{"href":"https:\/\/www.alpha-gefahrgut-consulting.de\/index.php\/wp-json\/wp\/v2\/media?parent=191"}],"curies":[{"name":"wp","href":"https:\/\/api.w.org\/{rel}","templated":true}]}}